{"id":1281,"date":"2025-06-25T15:16:42","date_gmt":"2025-06-25T13:16:42","guid":{"rendered":"https:\/\/www.kongresiti.cz\/2025\/?page_id=1281"},"modified":"2025-11-26T21:43:38","modified_gmt":"2025-11-26T20:43:38","slug":"partneri","status":"publish","type":"page","link":"https:\/\/www.kongresiti.cz\/2025\/partneri\/","title":{"rendered":"Partne\u0159i"},"content":{"rendered":"<div  data-label=\"Content\" data-id=\"content--1\" data-export-id=\"content-7-mc\" data-category=\"content\" class=\"content-7-mc content-section content-section-spacing\" id=\"content-1\" style=\"background-color: rgb(245, 250, 253); background-image: none;\"><div  class=\"gridContainer\"> <div  class=\"row middle-sm\"><div  class=\"col-sm-6 space-bottom-xs\" data-type=\"column\"> <h2  class=\"\">Founding Partner<\/h2> <img  decoding=\"async\" class=\"custom-image\" src=\"https:\/\/www.kongresiti.cz\/2025\/wp-content\/uploads\/2025\/06\/cropped-cropped-cropped-cropped-logo-straumann-cerna-web4.png\" title=\"cropped-cropped-cropped-cropped-logo-straumann-cerna-web4.png\" alt=\"\"><p  class=\"\">Straumann p\u0159edstavuje pr\u00e9miovou \u0161v\u00fdcarskou kvalitu, preciznost a inovace, kter\u00e9 p\u0159in\u00e1\u0161\u00ed jistotu v zubn\u00edm l\u00e9ka\u0159stv\u00ed, a to v\u0161e s podporou nejv\u011bt\u0161\u00ed glob\u00e1ln\u00ed v\u011bdeck\u00e9 s\u00edt\u011b. Jako sv\u011btov\u00fd l\u00eddr v implantologii dod\u00e1v\u00e1me \u0161pi\u010dkov\u00e9 inovace, kter\u00e9 jsou pova\u017eov\u00e1ny za pr\u016fmyslov\u00e9 standardy a p\u0159evratn\u00e9 technologick\u00e9 pr\u016flomy, podlo\u017een\u00e9 dlouhodob\u00fdmi v\u011bdeck\u00fdmi d\u016fkazy. Posouv\u00e1me hranice, abychom umo\u017enili dal\u0161\u00ed generaci zubn\u00ed p\u00e9\u010di.<\/p> <a  class=\"button color1 round\" href=\"https:\/\/www.straumann.com\/cz\/cs\/zubni-specialiste.html\" target=\"_blank\" data-cp-link=\"1\" data-icon=\"\">V\u00edce zde<\/a><\/div> <div  class=\"col-sm-6\" data-type=\"column\"> <img  decoding=\"async\" class=\"shadow-large\" src=\"https:\/\/www.kongresiti.cz\/2025\/wp-content\/uploads\/2025\/06\/partnerstvi-web-cb-min.jpg\" title=\"partnerstvi-web-cb-min\" alt=\"\"><\/div> <\/div><\/div> <\/div><div  data-label=\"Features\" data-id=\"features--1\" data-export-id=\"features-16\" data-category=\"features\" class=\"features-16 content-section content-section-spacing\" id=\"features-1\" style=\"background-color: rgb(255, 255, 255); background-image: none;\"><div  class=\"gridContainer\"> <div  class=\"row text-center\"><div  class=\"section-title-col\" data-type=\"column\"> <h2  class=\"\">Kongres podpo\u0159ili<\/h2> <\/div> <\/div> <div  class=\"row spaced-cols\" data-type=\"row\"> <div  class=\"col-xs-12 col-sm-6 col-md-4 space-bottom\"> <a  data-cp-link=\"1\" href=\"https:\/\/www.straumann.com\/cz\/cs\/zubni-specialiste.html\" target=\"_blank\" class=\"\"><img  decoding=\"async\" class=\"face\" src=\"https:\/\/www.kongresiti.cz\/2025\/wp-content\/uploads\/2025\/11\/Straumann-web.jpg\" title=\"Straumann-web\" alt=\"\"><\/a> <div  data-type=\"column\" class=\"col-padding-small col-padding-small-xs description-container\">   <\/div> <\/div> <div  class=\"col-xs-12 col-sm-6 col-md-4 space-bottom\"> <a data-cp-link=\"1\" href=\"https:\/\/nastroje.bladent.cz\"  target=\"_blank\"><img  decoding=\"async\" class=\"face\" src=\"https:\/\/www.kongresiti.cz\/2025\/wp-content\/uploads\/2025\/11\/Bladent-nastroje-web.jpg\" title=\"Bladent-web\" alt=\"\"><\/a> <div  data-type=\"column\" class=\"col-padding-small col-padding-small-xs description-container\">   <\/div> <\/div> <div  class=\"col-xs-12 col-sm-6 col-md-4 space-bottom\"> <a  data-cp-link=\"1\" href=\"https:\/\/dentalproject.cz\" target=\"_blank\" class=\"\"><img  decoding=\"async\" class=\"face\" src=\"https:\/\/www.kongresiti.cz\/2025\/wp-content\/uploads\/2025\/11\/Dental-project-web.jpg\" title=\"Dental-project-web\" alt=\"\"><\/a> <div  data-type=\"column\" class=\"col-padding-small col-padding-small-xs description-container\">   <\/div> <\/div><\/div> <\/div><\/div><div  data-label=\"Features\" data-id=\"features--2\" data-export-id=\"features-16\" data-category=\"features\" class=\"features-16 content-section content-section-spacing\" id=\"features-2\" style=\"background-color: rgb(255, 255, 255); background-image: none;\"><div  class=\"gridContainer\"> <div  class=\"row text-center\"><div  class=\"section-title-col\" data-type=\"column\">  <\/div> <\/div> <div  class=\"row spaced-cols\" data-type=\"row\"> <div  class=\"col-xs-12 col-sm-6 space-bottom col-md-3 \"> <a  data-cp-link=\"1\" href=\"https:\/\/www.curaproxclub.cz\" target=\"_blank\" class=\"\"><img decoding=\"async\"  class=\"face\" src=\"https:\/\/www.kongresiti.cz\/2025\/wp-content\/uploads\/2025\/11\/Curaprox-web.jpg\" title=\"Curaprox-web\" alt=\"\"><\/a> <div  data-type=\"column\" class=\"col-padding-small col-padding-small-xs description-container\">   <\/div> <\/div>  <div  class=\"col-xs-12 col-sm-6 space-bottom col-md-3\"> <a  data-cp-link=\"1\" href=\"https:\/\/www.vivax.sk\" target=\"_blank\" class=\"\"><img decoding=\"async\"  class=\"face\" src=\"https:\/\/www.kongresiti.cz\/2025\/wp-content\/uploads\/2025\/11\/Vivax-web.jpg\" title=\"Curaprox-web\" alt=\"\"><\/a> <div  data-type=\"column\" class=\"col-padding-small col-padding-small-xs description-container\">   <\/div> <\/div><div  class=\"col-xs-12 col-sm-6 space-bottom col-md-3\"> <a  data-cp-link=\"1\" href=\"https:\/\/bluemcare.com\/cs\" target=\"_blank\" class=\"\"><img decoding=\"async\"  class=\"face\" src=\"https:\/\/www.kongresiti.cz\/2025\/wp-content\/uploads\/2025\/11\/bluem.jpg\" title=\"Curaprox-web\" alt=\"\"><\/a> <div  data-type=\"column\" class=\"col-padding-small col-padding-small-xs description-container\">   <\/div> <\/div><div  class=\"col-xs-12 col-sm-6 space-bottom col-md-3\"> <a  data-cp-link=\"1\" href=\"https:\/\/www.dentasun.com\" target=\"_blank\" class=\"\"><img decoding=\"async\"  class=\"face\" src=\"https:\/\/www.kongresiti.cz\/2025\/wp-content\/uploads\/2025\/11\/Dentasun-web.jpg\" title=\"Curaprox-web\" alt=\"\"><\/a> <div  data-type=\"column\" class=\"col-padding-small col-padding-small-xs description-container\">   <\/div> <\/div><\/div> <\/div><\/div>","protected":false},"excerpt":{"rendered":"<p>Founding Partner Straumann p\u0159edstavuje pr\u00e9miovou \u0161v\u00fdcarskou kvalitu, preciznost a inovace, kter\u00e9 p\u0159in\u00e1\u0161\u00ed jistotu v zubn\u00edm l\u00e9ka\u0159stv\u00ed, a to v\u0161e s podporou nejv\u011bt\u0161\u00ed glob\u00e1ln\u00ed v\u011bdeck\u00e9 s\u00edt\u011b. Jako sv\u011btov\u00fd l\u00eddr v implantologii dod\u00e1v\u00e1me \u0161pi\u010dkov\u00e9 inovace, kter\u00e9 jsou pova\u017eov\u00e1ny za pr\u016fmyslov\u00e9 standardy a p\u0159evratn\u00e9 technologick\u00e9 pr\u016flomy, podlo\u017een\u00e9 dlouhodob\u00fdmi v\u011bdeck\u00fdmi d\u016fkazy. Posouv\u00e1me hranice, abychom umo\u017enili dal\u0161\u00ed generaci zubn\u00ed p\u00e9\u010di.&hellip; <br \/> <a class=\"read-more\" href=\"https:\/\/www.kongresiti.cz\/2025\/partneri\/\">Read more<\/a><\/p>\n","protected":false},"author":2,"featured_media":0,"parent":0,"menu_order":0,"comment_status":"closed","ping_status":"closed","template":"pro\/page-templates\/full-width-page.php","meta":{"footnotes":""},"class_list":["post-1281","page","type-page","status-publish","hentry"],"yoast_head":"<!-- This site is optimized with the Yoast SEO plugin v26.1.1 - https:\/\/yoast.com\/wordpress\/plugins\/seo\/ -->\n<title>Partne\u0159i - ITI kongres Bratislava 2025<\/title>\n<meta name=\"robots\" content=\"index, follow, max-snippet:-1, max-image-preview:large, max-video-preview:-1\" \/>\n<link rel=\"canonical\" href=\"https:\/\/www.kongresiti.cz\/2025\/partneri\/\" \/>\n<meta property=\"og:locale\" content=\"cs_CZ\" \/>\n<meta property=\"og:type\" content=\"article\" \/>\n<meta property=\"og:title\" content=\"Partne\u0159i - ITI kongres Bratislava 2025\" \/>\n<meta property=\"og:description\" content=\"Founding Partner Straumann p\u0159edstavuje pr\u00e9miovou \u0161v\u00fdcarskou kvalitu, preciznost a inovace, kter\u00e9 p\u0159in\u00e1\u0161\u00ed jistotu v zubn\u00edm l\u00e9ka\u0159stv\u00ed, a to v\u0161e s podporou nejv\u011bt\u0161\u00ed glob\u00e1ln\u00ed v\u011bdeck\u00e9 s\u00edt\u011b. Jako sv\u011btov\u00fd l\u00eddr v implantologii dod\u00e1v\u00e1me \u0161pi\u010dkov\u00e9 inovace, kter\u00e9 jsou pova\u017eov\u00e1ny za pr\u016fmyslov\u00e9 standardy a p\u0159evratn\u00e9 technologick\u00e9 pr\u016flomy, podlo\u017een\u00e9 dlouhodob\u00fdmi v\u011bdeck\u00fdmi d\u016fkazy. Posouv\u00e1me hranice, abychom umo\u017enili dal\u0161\u00ed generaci zubn\u00ed p\u00e9\u010di.&hellip; Read more\" \/>\n<meta property=\"og:url\" content=\"https:\/\/www.kongresiti.cz\/2025\/partneri\/\" \/>\n<meta property=\"og:site_name\" content=\"ITI kongres Bratislava 2025\" \/>\n<meta property=\"article:modified_time\" content=\"2025-11-26T20:43:38+00:00\" \/>\n<meta property=\"og:image\" content=\"https:\/\/www.kongresiti.cz\/2025\/wp-content\/uploads\/2025\/06\/cropped-cropped-cropped-cropped-logo-straumann-cerna-web4.png\" \/>\n<meta name=\"twitter:card\" content=\"summary_large_image\" \/>\n<script type=\"application\/ld+json\" class=\"yoast-schema-graph\">{\"@context\":\"https:\/\/schema.org\",\"@graph\":[{\"@type\":\"WebPage\",\"@id\":\"https:\/\/www.kongresiti.cz\/2025\/partneri\/\",\"url\":\"https:\/\/www.kongresiti.cz\/2025\/partneri\/\",\"name\":\"Partne\u0159i - ITI kongres Bratislava 2025\",\"isPartOf\":{\"@id\":\"https:\/\/www.kongresiti.cz\/2025\/#website\"},\"primaryImageOfPage\":{\"@id\":\"https:\/\/www.kongresiti.cz\/2025\/partneri\/#primaryimage\"},\"image\":{\"@id\":\"https:\/\/www.kongresiti.cz\/2025\/partneri\/#primaryimage\"},\"thumbnailUrl\":\"https:\/\/www.kongresiti.cz\/2025\/wp-content\/uploads\/2025\/06\/cropped-cropped-cropped-cropped-logo-straumann-cerna-web4.png\",\"datePublished\":\"2025-06-25T13:16:42+00:00\",\"dateModified\":\"2025-11-26T20:43:38+00:00\",\"breadcrumb\":{\"@id\":\"https:\/\/www.kongresiti.cz\/2025\/partneri\/#breadcrumb\"},\"inLanguage\":\"cs\",\"potentialAction\":[{\"@type\":\"ReadAction\",\"target\":[\"https:\/\/www.kongresiti.cz\/2025\/partneri\/\"]}]},{\"@type\":\"ImageObject\",\"inLanguage\":\"cs\",\"@id\":\"https:\/\/www.kongresiti.cz\/2025\/partneri\/#primaryimage\",\"url\":\"https:\/\/www.kongresiti.cz\/2025\/wp-content\/uploads\/2025\/06\/cropped-cropped-cropped-cropped-logo-straumann-cerna-web4.png\",\"contentUrl\":\"https:\/\/www.kongresiti.cz\/2025\/wp-content\/uploads\/2025\/06\/cropped-cropped-cropped-cropped-logo-straumann-cerna-web4.png\",\"width\":400,\"height\":82},{\"@type\":\"BreadcrumbList\",\"@id\":\"https:\/\/www.kongresiti.cz\/2025\/partneri\/#breadcrumb\",\"itemListElement\":[{\"@type\":\"ListItem\",\"position\":1,\"name\":\"Dom\u016f\",\"item\":\"https:\/\/www.kongresiti.cz\/2025\/\"},{\"@type\":\"ListItem\",\"position\":2,\"name\":\"Partne\u0159i\"}]},{\"@type\":\"WebSite\",\"@id\":\"https:\/\/www.kongresiti.cz\/2025\/#website\",\"url\":\"https:\/\/www.kongresiti.cz\/2025\/\",\"name\":\"ITI kongres Bratislava 2025\",\"description\":\"Prvn\u00ed ITI kongres v \u010cesk\u00e9 a Slovensk\u00e9 republice\",\"publisher\":{\"@id\":\"https:\/\/www.kongresiti.cz\/2025\/#organization\"},\"potentialAction\":[{\"@type\":\"SearchAction\",\"target\":{\"@type\":\"EntryPoint\",\"urlTemplate\":\"https:\/\/www.kongresiti.cz\/2025\/?s={search_term_string}\"},\"query-input\":{\"@type\":\"PropertyValueSpecification\",\"valueRequired\":true,\"valueName\":\"search_term_string\"}}],\"inLanguage\":\"cs\"},{\"@type\":\"Organization\",\"@id\":\"https:\/\/www.kongresiti.cz\/2025\/#organization\",\"name\":\"ITI kongres Bratislava 2025\",\"url\":\"https:\/\/www.kongresiti.cz\/2025\/\",\"logo\":{\"@type\":\"ImageObject\",\"inLanguage\":\"cs\",\"@id\":\"https:\/\/www.kongresiti.cz\/2025\/#\/schema\/logo\/image\/\",\"url\":\"https:\/\/www.kongresiti.cz\/2025\/wp-content\/uploads\/2025\/06\/logo-ITI-Section-Czech-web.png\",\"contentUrl\":\"https:\/\/www.kongresiti.cz\/2025\/wp-content\/uploads\/2025\/06\/logo-ITI-Section-Czech-web.png\",\"width\":262,\"height\":111,\"caption\":\"ITI kongres Bratislava 2025\"},\"image\":{\"@id\":\"https:\/\/www.kongresiti.cz\/2025\/#\/schema\/logo\/image\/\"}}]}<\/script>\n<!-- \/ Yoast SEO plugin. -->","yoast_head_json":{"title":"Partne\u0159i - ITI kongres Bratislava 2025","robots":{"index":"index","follow":"follow","max-snippet":"max-snippet:-1","max-image-preview":"max-image-preview:large","max-video-preview":"max-video-preview:-1"},"canonical":"https:\/\/www.kongresiti.cz\/2025\/partneri\/","og_locale":"cs_CZ","og_type":"article","og_title":"Partne\u0159i - ITI kongres Bratislava 2025","og_description":"Founding Partner Straumann p\u0159edstavuje pr\u00e9miovou \u0161v\u00fdcarskou kvalitu, preciznost a inovace, kter\u00e9 p\u0159in\u00e1\u0161\u00ed jistotu v zubn\u00edm l\u00e9ka\u0159stv\u00ed, a to v\u0161e s podporou nejv\u011bt\u0161\u00ed glob\u00e1ln\u00ed v\u011bdeck\u00e9 s\u00edt\u011b. Jako sv\u011btov\u00fd l\u00eddr v implantologii dod\u00e1v\u00e1me \u0161pi\u010dkov\u00e9 inovace, kter\u00e9 jsou pova\u017eov\u00e1ny za pr\u016fmyslov\u00e9 standardy a p\u0159evratn\u00e9 technologick\u00e9 pr\u016flomy, podlo\u017een\u00e9 dlouhodob\u00fdmi v\u011bdeck\u00fdmi d\u016fkazy. Posouv\u00e1me hranice, abychom umo\u017enili dal\u0161\u00ed generaci zubn\u00ed p\u00e9\u010di.&hellip; Read more","og_url":"https:\/\/www.kongresiti.cz\/2025\/partneri\/","og_site_name":"ITI kongres Bratislava 2025","article_modified_time":"2025-11-26T20:43:38+00:00","og_image":[{"url":"https:\/\/www.kongresiti.cz\/2025\/wp-content\/uploads\/2025\/06\/cropped-cropped-cropped-cropped-logo-straumann-cerna-web4.png","type":"","width":"","height":""}],"twitter_card":"summary_large_image","schema":{"@context":"https:\/\/schema.org","@graph":[{"@type":"WebPage","@id":"https:\/\/www.kongresiti.cz\/2025\/partneri\/","url":"https:\/\/www.kongresiti.cz\/2025\/partneri\/","name":"Partne\u0159i - ITI kongres Bratislava 2025","isPartOf":{"@id":"https:\/\/www.kongresiti.cz\/2025\/#website"},"primaryImageOfPage":{"@id":"https:\/\/www.kongresiti.cz\/2025\/partneri\/#primaryimage"},"image":{"@id":"https:\/\/www.kongresiti.cz\/2025\/partneri\/#primaryimage"},"thumbnailUrl":"https:\/\/www.kongresiti.cz\/2025\/wp-content\/uploads\/2025\/06\/cropped-cropped-cropped-cropped-logo-straumann-cerna-web4.png","datePublished":"2025-06-25T13:16:42+00:00","dateModified":"2025-11-26T20:43:38+00:00","breadcrumb":{"@id":"https:\/\/www.kongresiti.cz\/2025\/partneri\/#breadcrumb"},"inLanguage":"cs","potentialAction":[{"@type":"ReadAction","target":["https:\/\/www.kongresiti.cz\/2025\/partneri\/"]}]},{"@type":"ImageObject","inLanguage":"cs","@id":"https:\/\/www.kongresiti.cz\/2025\/partneri\/#primaryimage","url":"https:\/\/www.kongresiti.cz\/2025\/wp-content\/uploads\/2025\/06\/cropped-cropped-cropped-cropped-logo-straumann-cerna-web4.png","contentUrl":"https:\/\/www.kongresiti.cz\/2025\/wp-content\/uploads\/2025\/06\/cropped-cropped-cropped-cropped-logo-straumann-cerna-web4.png","width":400,"height":82},{"@type":"BreadcrumbList","@id":"https:\/\/www.kongresiti.cz\/2025\/partneri\/#breadcrumb","itemListElement":[{"@type":"ListItem","position":1,"name":"Dom\u016f","item":"https:\/\/www.kongresiti.cz\/2025\/"},{"@type":"ListItem","position":2,"name":"Partne\u0159i"}]},{"@type":"WebSite","@id":"https:\/\/www.kongresiti.cz\/2025\/#website","url":"https:\/\/www.kongresiti.cz\/2025\/","name":"ITI kongres Bratislava 2025","description":"Prvn\u00ed ITI kongres v \u010cesk\u00e9 a Slovensk\u00e9 republice","publisher":{"@id":"https:\/\/www.kongresiti.cz\/2025\/#organization"},"potentialAction":[{"@type":"SearchAction","target":{"@type":"EntryPoint","urlTemplate":"https:\/\/www.kongresiti.cz\/2025\/?s={search_term_string}"},"query-input":{"@type":"PropertyValueSpecification","valueRequired":true,"valueName":"search_term_string"}}],"inLanguage":"cs"},{"@type":"Organization","@id":"https:\/\/www.kongresiti.cz\/2025\/#organization","name":"ITI kongres Bratislava 2025","url":"https:\/\/www.kongresiti.cz\/2025\/","logo":{"@type":"ImageObject","inLanguage":"cs","@id":"https:\/\/www.kongresiti.cz\/2025\/#\/schema\/logo\/image\/","url":"https:\/\/www.kongresiti.cz\/2025\/wp-content\/uploads\/2025\/06\/logo-ITI-Section-Czech-web.png","contentUrl":"https:\/\/www.kongresiti.cz\/2025\/wp-content\/uploads\/2025\/06\/logo-ITI-Section-Czech-web.png","width":262,"height":111,"caption":"ITI kongres Bratislava 2025"},"image":{"@id":"https:\/\/www.kongresiti.cz\/2025\/#\/schema\/logo\/image\/"}}]}},"_links":{"self":[{"href":"https:\/\/www.kongresiti.cz\/2025\/wp-json\/wp\/v2\/pages\/1281","targetHints":{"allow":["GET"]}}],"collection":[{"href":"https:\/\/www.kongresiti.cz\/2025\/wp-json\/wp\/v2\/pages"}],"about":[{"href":"https:\/\/www.kongresiti.cz\/2025\/wp-json\/wp\/v2\/types\/page"}],"author":[{"embeddable":true,"href":"https:\/\/www.kongresiti.cz\/2025\/wp-json\/wp\/v2\/users\/2"}],"replies":[{"embeddable":true,"href":"https:\/\/www.kongresiti.cz\/2025\/wp-json\/wp\/v2\/comments?post=1281"}],"version-history":[{"count":2,"href":"https:\/\/www.kongresiti.cz\/2025\/wp-json\/wp\/v2\/pages\/1281\/revisions"}],"predecessor-version":[{"id":2054,"href":"https:\/\/www.kongresiti.cz\/2025\/wp-json\/wp\/v2\/pages\/1281\/revisions\/2054"}],"wp:attachment":[{"href":"https:\/\/www.kongresiti.cz\/2025\/wp-json\/wp\/v2\/media?parent=1281"}],"curies":[{"name":"wp","href":"https:\/\/api.w.org\/{rel}","templated":true}]}}