{"id":1299,"date":"2025-06-25T16:43:33","date_gmt":"2025-06-25T14:43:33","guid":{"rendered":"https:\/\/www.kongresiti.cz\/2025\/?page_id=1299"},"modified":"2025-07-21T17:06:39","modified_gmt":"2025-07-21T15:06:39","slug":"istvan-urban","status":"publish","type":"page","link":"https:\/\/www.kongresiti.cz\/2025\/prednasejici\/istvan-urban\/","title":{"rendered":"I\u0161tv\u00e1n Urb\u00e1n"},"content":{"rendered":"<div  data-label=\"Content\" data-id=\"content--1\" data-export-id=\"content-12\" data-category=\"content\" class=\"content-12 content-section content-section-spacing\" id=\"content-1\" style=\"background-color: rgb(255, 255, 255);\"><div  class=\"gridContainer\"> <div  class=\"row text-center\"><div  class=\"section-title-col\" data-type=\"column\"> <h2  class=\"\">Istv\u00e1n Urb\u00e1n<\/h2> <p  class=\"lead\" style=\"text-align: left;\">Istv\u00e1n Urb\u00e1n z\u00edskal titul DMD a n\u00e1sledn\u011b titul MD na L\u00e9ka\u0159sk\u00e9 a stomatologick\u00e9 fakult\u011b Semmelweisovy univerzity v Budape\u0161ti (Ma\u010farsko) v letech 1991 a 1996. V letech 1992\u20131996 absolvoval denn\u00ed specializa\u010dn\u00ed program v or\u00e1ln\u00ed chirurgii v nemocnici sv. \u0160t\u011bp\u00e1na v Budape\u0161ti. N\u00e1sledn\u011b absolvoval st\u00e1\u017e v oboru parodontologie na UCLA. Po absolvov\u00e1n\u00ed programu Fellowship (1999\u20132000) v oboru dent\u00e1ln\u00ed implantologie na Loma Linda University v Kalifornii byl n\u00e1sleduj\u00edc\u00ed rok jmenov\u00e1n odborn\u00fdm asistentem. Dr. Urban je dr\u017eitelem licence pro v\u00fdkon praxe ve st\u00e1t\u011b Kalifornie (USA) a provozuje soukromou praxi v Budape\u0161ti. V roce 2012 z\u00edskal titul Ph.D. v oboru parodontologie na Univerzit\u011b v Szegedu, kde v sou\u010dasnosti p\u016fsob\u00ed jako \u010destn\u00fd profesor. Dr. Urban je \u010dlenem p\u0159edstavenstva Osteology Foundation a je autorem \u0159ady v\u011bdeck\u00fdch \u010dl\u00e1nk\u016f a kapitol odborn\u00fdch publikac\u00ed zam\u011b\u0159en\u00fdch na regeneraci kosti a rekonstruk\u010dn\u00ed chirurgii m\u011bkk\u00fdch tk\u00e1n\u00ed v okol\u00ed dent\u00e1ln\u00edch implant\u00e1t\u016f. P\u016fsob\u00ed rovn\u011b\u017e jako extern\u00ed klinick\u00fd docent na odd\u011blen\u00ed parodontologie a or\u00e1ln\u00ed medic\u00edny University of Michigan. Ned\u00e1vno se stal tak\u00e9 lektorem na Harvard School of Dental Medicine. Dr. Urban je autorem odborn\u00e9 monografie Vertical and Horizontal Augmentation, kterou vydalo nakladatelstv\u00ed Quintessence a kter\u00e1 byla p\u0159elo\u017eena do 12 jazyk\u016f. Ned\u00e1vno publikoval jej\u00ed pokra\u010dov\u00e1n\u00ed pod n\u00e1zvem VERTICAL 2: The NEXT LEVEL.<\/p><img  decoding=\"async\" class=\"custom-image\" src=\"https:\/\/www.kongresiti.cz\/2025\/wp-content\/uploads\/2025\/06\/cropped-Istvan-Urban-web-min.jpg\" title=\"cropped-Istvan-Urban-web-min.jpg\" alt=\"\"><\/div> <\/div> <div  class=\"row center-xs middle-xs\"> <div  class=\"col-sm-9\" data-type=\"column\"><div  data-editable=\"true\" data-name=\"ope-widgets-area\" data-content-shortcode=\"mesmerize_display_widgets_area id=&quot;mesmerize_users_custom_widgets_areas_5&quot; \" class=\"\"><div data-name=\"mesmerize-widgets-area\"><div id=\"block-14\" class=\"widget widget_block\"><style>\n.mesmerize-language-switcher, #wpadminbar {display: none !important}\n.site>.page-content.landing {justify-content: start;}\nbody.custom-background {background-image: none;}\n.site {min-height: auto;}\nhtml {margin-top: 0 !important}\n\n<\/style><\/div><\/div><\/div> <\/div> <\/div><\/div> <\/div>","protected":false},"excerpt":{"rendered":"<p>Istv\u00e1n Urb\u00e1n Istv\u00e1n Urb\u00e1n z\u00edskal titul DMD a n\u00e1sledn\u011b titul MD na L\u00e9ka\u0159sk\u00e9 a stomatologick\u00e9 fakult\u011b Semmelweisovy univerzity v Budape\u0161ti (Ma\u010farsko) v letech 1991 a 1996. V letech 1992\u20131996 absolvoval denn\u00ed specializa\u010dn\u00ed program v or\u00e1ln\u00ed chirurgii v nemocnici sv. \u0160t\u011bp\u00e1na v Budape\u0161ti. N\u00e1sledn\u011b absolvoval st\u00e1\u017e v oboru parodontologie na UCLA. Po absolvov\u00e1n\u00ed programu Fellowship (1999\u20132000)&hellip; <br \/> <a class=\"read-more\" href=\"https:\/\/www.kongresiti.cz\/2025\/prednasejici\/istvan-urban\/\">Read more<\/a><\/p>\n","protected":false},"author":1,"featured_media":0,"parent":38,"menu_order":0,"comment_status":"closed","ping_status":"closed","template":"pro\/page-templates\/landing-page.php","meta":{"footnotes":""},"class_list":["post-1299","page","type-page","status-publish","hentry"],"yoast_head":"<!-- This site is optimized with the Yoast SEO plugin v26.1.1 - https:\/\/yoast.com\/wordpress\/plugins\/seo\/ -->\n<title>I\u0161tv\u00e1n Urb\u00e1n - ITI kongres Bratislava 2025<\/title>\n<meta name=\"robots\" content=\"index, follow, max-snippet:-1, max-image-preview:large, max-video-preview:-1\" \/>\n<link rel=\"canonical\" href=\"https:\/\/www.kongresiti.cz\/2025\/prednasejici\/istvan-urban\/\" \/>\n<meta property=\"og:locale\" content=\"cs_CZ\" \/>\n<meta property=\"og:type\" content=\"article\" \/>\n<meta property=\"og:title\" content=\"I\u0161tv\u00e1n Urb\u00e1n - ITI kongres Bratislava 2025\" \/>\n<meta property=\"og:description\" content=\"Istv\u00e1n Urb\u00e1n Istv\u00e1n Urb\u00e1n z\u00edskal titul DMD a n\u00e1sledn\u011b titul MD na L\u00e9ka\u0159sk\u00e9 a stomatologick\u00e9 fakult\u011b Semmelweisovy univerzity v Budape\u0161ti (Ma\u010farsko) v letech 1991 a 1996. V letech 1992\u20131996 absolvoval denn\u00ed specializa\u010dn\u00ed program v or\u00e1ln\u00ed chirurgii v nemocnici sv. \u0160t\u011bp\u00e1na v Budape\u0161ti. N\u00e1sledn\u011b absolvoval st\u00e1\u017e v oboru parodontologie na UCLA. Po absolvov\u00e1n\u00ed programu Fellowship (1999\u20132000)&hellip; Read more\" \/>\n<meta property=\"og:url\" content=\"https:\/\/www.kongresiti.cz\/2025\/prednasejici\/istvan-urban\/\" \/>\n<meta property=\"og:site_name\" content=\"ITI kongres Bratislava 2025\" \/>\n<meta property=\"article:modified_time\" content=\"2025-07-21T15:06:39+00:00\" \/>\n<meta property=\"og:image\" content=\"https:\/\/www.kongresiti.cz\/2025\/wp-content\/uploads\/2025\/06\/cropped-Istvan-Urban-web-min.jpg\" \/>\n<meta name=\"twitter:card\" content=\"summary_large_image\" \/>\n<meta name=\"twitter:label1\" content=\"Odhadovan\u00e1 doba \u010dten\u00ed\" \/>\n\t<meta name=\"twitter:data1\" content=\"1 minuta\" \/>\n<script type=\"application\/ld+json\" class=\"yoast-schema-graph\">{\"@context\":\"https:\/\/schema.org\",\"@graph\":[{\"@type\":\"WebPage\",\"@id\":\"https:\/\/www.kongresiti.cz\/2025\/prednasejici\/istvan-urban\/\",\"url\":\"https:\/\/www.kongresiti.cz\/2025\/prednasejici\/istvan-urban\/\",\"name\":\"I\u0161tv\u00e1n Urb\u00e1n - ITI kongres Bratislava 2025\",\"isPartOf\":{\"@id\":\"https:\/\/www.kongresiti.cz\/2025\/#website\"},\"primaryImageOfPage\":{\"@id\":\"https:\/\/www.kongresiti.cz\/2025\/prednasejici\/istvan-urban\/#primaryimage\"},\"image\":{\"@id\":\"https:\/\/www.kongresiti.cz\/2025\/prednasejici\/istvan-urban\/#primaryimage\"},\"thumbnailUrl\":\"https:\/\/www.kongresiti.cz\/2025\/wp-content\/uploads\/2025\/06\/cropped-Istvan-Urban-web-min.jpg\",\"datePublished\":\"2025-06-25T14:43:33+00:00\",\"dateModified\":\"2025-07-21T15:06:39+00:00\",\"breadcrumb\":{\"@id\":\"https:\/\/www.kongresiti.cz\/2025\/prednasejici\/istvan-urban\/#breadcrumb\"},\"inLanguage\":\"cs\",\"potentialAction\":[{\"@type\":\"ReadAction\",\"target\":[\"https:\/\/www.kongresiti.cz\/2025\/prednasejici\/istvan-urban\/\"]}]},{\"@type\":\"ImageObject\",\"inLanguage\":\"cs\",\"@id\":\"https:\/\/www.kongresiti.cz\/2025\/prednasejici\/istvan-urban\/#primaryimage\",\"url\":\"https:\/\/www.kongresiti.cz\/2025\/wp-content\/uploads\/2025\/06\/cropped-Istvan-Urban-web-min.jpg\",\"contentUrl\":\"https:\/\/www.kongresiti.cz\/2025\/wp-content\/uploads\/2025\/06\/cropped-Istvan-Urban-web-min.jpg\",\"width\":593,\"height\":593},{\"@type\":\"BreadcrumbList\",\"@id\":\"https:\/\/www.kongresiti.cz\/2025\/prednasejici\/istvan-urban\/#breadcrumb\",\"itemListElement\":[{\"@type\":\"ListItem\",\"position\":1,\"name\":\"Dom\u016f\",\"item\":\"https:\/\/www.kongresiti.cz\/2025\/\"},{\"@type\":\"ListItem\",\"position\":2,\"name\":\"P\u0159edn\u00e1\u0161ej\u00edc\u00ed\",\"item\":\"https:\/\/www.kongresiti.cz\/2025\/prednasejici\/\"},{\"@type\":\"ListItem\",\"position\":3,\"name\":\"I\u0161tv\u00e1n Urb\u00e1n\"}]},{\"@type\":\"WebSite\",\"@id\":\"https:\/\/www.kongresiti.cz\/2025\/#website\",\"url\":\"https:\/\/www.kongresiti.cz\/2025\/\",\"name\":\"ITI kongres Bratislava 2025\",\"description\":\"Prvn\u00ed ITI kongres v \u010cesk\u00e9 a Slovensk\u00e9 republice\",\"publisher\":{\"@id\":\"https:\/\/www.kongresiti.cz\/2025\/#organization\"},\"potentialAction\":[{\"@type\":\"SearchAction\",\"target\":{\"@type\":\"EntryPoint\",\"urlTemplate\":\"https:\/\/www.kongresiti.cz\/2025\/?s={search_term_string}\"},\"query-input\":{\"@type\":\"PropertyValueSpecification\",\"valueRequired\":true,\"valueName\":\"search_term_string\"}}],\"inLanguage\":\"cs\"},{\"@type\":\"Organization\",\"@id\":\"https:\/\/www.kongresiti.cz\/2025\/#organization\",\"name\":\"ITI kongres Bratislava 2025\",\"url\":\"https:\/\/www.kongresiti.cz\/2025\/\",\"logo\":{\"@type\":\"ImageObject\",\"inLanguage\":\"cs\",\"@id\":\"https:\/\/www.kongresiti.cz\/2025\/#\/schema\/logo\/image\/\",\"url\":\"https:\/\/www.kongresiti.cz\/2025\/wp-content\/uploads\/2025\/06\/logo-ITI-Section-Czech-web.png\",\"contentUrl\":\"https:\/\/www.kongresiti.cz\/2025\/wp-content\/uploads\/2025\/06\/logo-ITI-Section-Czech-web.png\",\"width\":262,\"height\":111,\"caption\":\"ITI kongres Bratislava 2025\"},\"image\":{\"@id\":\"https:\/\/www.kongresiti.cz\/2025\/#\/schema\/logo\/image\/\"}}]}<\/script>\n<!-- \/ Yoast SEO plugin. -->","yoast_head_json":{"title":"I\u0161tv\u00e1n Urb\u00e1n - ITI kongres Bratislava 2025","robots":{"index":"index","follow":"follow","max-snippet":"max-snippet:-1","max-image-preview":"max-image-preview:large","max-video-preview":"max-video-preview:-1"},"canonical":"https:\/\/www.kongresiti.cz\/2025\/prednasejici\/istvan-urban\/","og_locale":"cs_CZ","og_type":"article","og_title":"I\u0161tv\u00e1n Urb\u00e1n - ITI kongres Bratislava 2025","og_description":"Istv\u00e1n Urb\u00e1n Istv\u00e1n Urb\u00e1n z\u00edskal titul DMD a n\u00e1sledn\u011b titul MD na L\u00e9ka\u0159sk\u00e9 a stomatologick\u00e9 fakult\u011b Semmelweisovy univerzity v Budape\u0161ti (Ma\u010farsko) v letech 1991 a 1996. V letech 1992\u20131996 absolvoval denn\u00ed specializa\u010dn\u00ed program v or\u00e1ln\u00ed chirurgii v nemocnici sv. \u0160t\u011bp\u00e1na v Budape\u0161ti. N\u00e1sledn\u011b absolvoval st\u00e1\u017e v oboru parodontologie na UCLA. Po absolvov\u00e1n\u00ed programu Fellowship (1999\u20132000)&hellip; Read more","og_url":"https:\/\/www.kongresiti.cz\/2025\/prednasejici\/istvan-urban\/","og_site_name":"ITI kongres Bratislava 2025","article_modified_time":"2025-07-21T15:06:39+00:00","og_image":[{"url":"https:\/\/www.kongresiti.cz\/2025\/wp-content\/uploads\/2025\/06\/cropped-Istvan-Urban-web-min.jpg","type":"","width":"","height":""}],"twitter_card":"summary_large_image","twitter_misc":{"Odhadovan\u00e1 doba \u010dten\u00ed":"1 minuta"},"schema":{"@context":"https:\/\/schema.org","@graph":[{"@type":"WebPage","@id":"https:\/\/www.kongresiti.cz\/2025\/prednasejici\/istvan-urban\/","url":"https:\/\/www.kongresiti.cz\/2025\/prednasejici\/istvan-urban\/","name":"I\u0161tv\u00e1n Urb\u00e1n - ITI kongres Bratislava 2025","isPartOf":{"@id":"https:\/\/www.kongresiti.cz\/2025\/#website"},"primaryImageOfPage":{"@id":"https:\/\/www.kongresiti.cz\/2025\/prednasejici\/istvan-urban\/#primaryimage"},"image":{"@id":"https:\/\/www.kongresiti.cz\/2025\/prednasejici\/istvan-urban\/#primaryimage"},"thumbnailUrl":"https:\/\/www.kongresiti.cz\/2025\/wp-content\/uploads\/2025\/06\/cropped-Istvan-Urban-web-min.jpg","datePublished":"2025-06-25T14:43:33+00:00","dateModified":"2025-07-21T15:06:39+00:00","breadcrumb":{"@id":"https:\/\/www.kongresiti.cz\/2025\/prednasejici\/istvan-urban\/#breadcrumb"},"inLanguage":"cs","potentialAction":[{"@type":"ReadAction","target":["https:\/\/www.kongresiti.cz\/2025\/prednasejici\/istvan-urban\/"]}]},{"@type":"ImageObject","inLanguage":"cs","@id":"https:\/\/www.kongresiti.cz\/2025\/prednasejici\/istvan-urban\/#primaryimage","url":"https:\/\/www.kongresiti.cz\/2025\/wp-content\/uploads\/2025\/06\/cropped-Istvan-Urban-web-min.jpg","contentUrl":"https:\/\/www.kongresiti.cz\/2025\/wp-content\/uploads\/2025\/06\/cropped-Istvan-Urban-web-min.jpg","width":593,"height":593},{"@type":"BreadcrumbList","@id":"https:\/\/www.kongresiti.cz\/2025\/prednasejici\/istvan-urban\/#breadcrumb","itemListElement":[{"@type":"ListItem","position":1,"name":"Dom\u016f","item":"https:\/\/www.kongresiti.cz\/2025\/"},{"@type":"ListItem","position":2,"name":"P\u0159edn\u00e1\u0161ej\u00edc\u00ed","item":"https:\/\/www.kongresiti.cz\/2025\/prednasejici\/"},{"@type":"ListItem","position":3,"name":"I\u0161tv\u00e1n Urb\u00e1n"}]},{"@type":"WebSite","@id":"https:\/\/www.kongresiti.cz\/2025\/#website","url":"https:\/\/www.kongresiti.cz\/2025\/","name":"ITI kongres Bratislava 2025","description":"Prvn\u00ed ITI kongres v \u010cesk\u00e9 a Slovensk\u00e9 republice","publisher":{"@id":"https:\/\/www.kongresiti.cz\/2025\/#organization"},"potentialAction":[{"@type":"SearchAction","target":{"@type":"EntryPoint","urlTemplate":"https:\/\/www.kongresiti.cz\/2025\/?s={search_term_string}"},"query-input":{"@type":"PropertyValueSpecification","valueRequired":true,"valueName":"search_term_string"}}],"inLanguage":"cs"},{"@type":"Organization","@id":"https:\/\/www.kongresiti.cz\/2025\/#organization","name":"ITI kongres Bratislava 2025","url":"https:\/\/www.kongresiti.cz\/2025\/","logo":{"@type":"ImageObject","inLanguage":"cs","@id":"https:\/\/www.kongresiti.cz\/2025\/#\/schema\/logo\/image\/","url":"https:\/\/www.kongresiti.cz\/2025\/wp-content\/uploads\/2025\/06\/logo-ITI-Section-Czech-web.png","contentUrl":"https:\/\/www.kongresiti.cz\/2025\/wp-content\/uploads\/2025\/06\/logo-ITI-Section-Czech-web.png","width":262,"height":111,"caption":"ITI kongres Bratislava 2025"},"image":{"@id":"https:\/\/www.kongresiti.cz\/2025\/#\/schema\/logo\/image\/"}}]}},"_links":{"self":[{"href":"https:\/\/www.kongresiti.cz\/2025\/wp-json\/wp\/v2\/pages\/1299","targetHints":{"allow":["GET"]}}],"collection":[{"href":"https:\/\/www.kongresiti.cz\/2025\/wp-json\/wp\/v2\/pages"}],"about":[{"href":"https:\/\/www.kongresiti.cz\/2025\/wp-json\/wp\/v2\/types\/page"}],"author":[{"embeddable":true,"href":"https:\/\/www.kongresiti.cz\/2025\/wp-json\/wp\/v2\/users\/1"}],"replies":[{"embeddable":true,"href":"https:\/\/www.kongresiti.cz\/2025\/wp-json\/wp\/v2\/comments?post=1299"}],"version-history":[{"count":2,"href":"https:\/\/www.kongresiti.cz\/2025\/wp-json\/wp\/v2\/pages\/1299\/revisions"}],"predecessor-version":[{"id":1762,"href":"https:\/\/www.kongresiti.cz\/2025\/wp-json\/wp\/v2\/pages\/1299\/revisions\/1762"}],"up":[{"embeddable":true,"href":"https:\/\/www.kongresiti.cz\/2025\/wp-json\/wp\/v2\/pages\/38"}],"wp:attachment":[{"href":"https:\/\/www.kongresiti.cz\/2025\/wp-json\/wp\/v2\/media?parent=1299"}],"curies":[{"name":"wp","href":"https:\/\/api.w.org\/{rel}","templated":true}]}}