{"id":1639,"date":"2025-07-11T12:35:29","date_gmt":"2025-07-11T10:35:29","guid":{"rendered":"https:\/\/www.kongresiti.cz\/2025\/?page_id=1639"},"modified":"2025-07-21T16:47:25","modified_gmt":"2025-07-21T14:47:25","slug":"maja-chmielewska-digitalni-protokoly-prinos-pro-pacienta","status":"publish","type":"page","link":"https:\/\/www.kongresiti.cz\/2025\/program\/maja-chmielewska-digitalni-protokoly-prinos-pro-pacienta\/","title":{"rendered":"Maja Chmielewska &#8211; Digit\u00e1ln\u00ed protokoly: P\u0159\u00ednos pro pacienta"},"content":{"rendered":"<div  data-label=\"Content\" data-id=\"content--1\" data-export-id=\"content-12\" data-category=\"content\" class=\"content-12 content-section content-section-spacing\" id=\"content-1\" style=\"background-color: rgb(255, 255, 255);\"><div  class=\"gridContainer\"> <div  class=\"row text-center\"><div  class=\"section-title-col\" data-type=\"column\"> <h2  class=\"\">Digit\u00e1ln\u00ed protokoly: P\u0159\u00ednos pro pacienta<\/h2> <h3  class=\"\">Maja Chmielewska<\/h3><p  class=\"lead\" style=\"text-align: left;\">Vzhledem k \u0161irok\u00e9 dostupnosti digit\u00e1ln\u00edch technologi\u00ed je nezbytn\u00e9 z\u00fa\u017eit v\u00fdb\u011br za\u0159\u00edzen\u00ed, do kter\u00fdch je vhodn\u00e9 investovat v r\u00e1mci soukrom\u00e9 praxe, abychom mohli na\u0161im pacient\u016fm poskytovat p\u00e9\u010di nejvy\u0161\u0161\u00ed kvality. Orientace v jednotliv\u00fdch mo\u017enostech v\u0161ak m\u016f\u017ee b\u00fdt slo\u017eit\u00e1 \u2013 ne v\u017edy je z\u0159ejm\u00e9, kter\u00e9 technologie skute\u010dn\u011b funguj\u00ed, kter\u00e9 p\u0159inesou dlouhodob\u00fd u\u017eitek a kter\u00e9 naopak mohou p\u0159edstavovat zbyte\u010dnou finan\u010dn\u00ed z\u00e1t\u011b\u017e. V t\u00e9to p\u0159edn\u00e1\u0161ce se zam\u011b\u0159\u00edme na anal\u00fdzu vybran\u00fdch digit\u00e1ln\u00edch za\u0159\u00edzen\u00ed, jejich p\u0159esnosti a p\u0159\u00ednos\u016f i nev\u00fdhod v kontextu soukrom\u00e9 stomatologick\u00e9 praxe.<\/p><\/div> <\/div> <div  class=\"row center-xs middle-xs\"> <div  class=\"col-sm-9\" data-type=\"column\"><div  data-editable=\"true\" data-name=\"ope-widgets-area\" data-content-shortcode=\"mesmerize_display_widgets_area id=&quot;mesmerize_users_custom_widgets_areas_5&quot; \" class=\"\"><div data-name=\"mesmerize-widgets-area\"><div id=\"block-14\" class=\"widget widget_block\"><style>\n.mesmerize-language-switcher, #wpadminbar {display: none !important}\n.site>.page-content.landing {justify-content: start;}\nbody.custom-background {background-image: none;}\n.site {min-height: auto;}\nhtml {margin-top: 0 !important}\n\n<\/style><\/div><\/div><\/div> <\/div> <\/div><\/div> <\/div>","protected":false},"excerpt":{"rendered":"<p>Digit\u00e1ln\u00ed protokoly: P\u0159\u00ednos pro pacienta Maja ChmielewskaVzhledem k \u0161irok\u00e9 dostupnosti digit\u00e1ln\u00edch technologi\u00ed je nezbytn\u00e9 z\u00fa\u017eit v\u00fdb\u011br za\u0159\u00edzen\u00ed, do kter\u00fdch je vhodn\u00e9 investovat v r\u00e1mci soukrom\u00e9 praxe, abychom mohli na\u0161im pacient\u016fm poskytovat p\u00e9\u010di nejvy\u0161\u0161\u00ed kvality. Orientace v jednotliv\u00fdch mo\u017enostech v\u0161ak m\u016f\u017ee b\u00fdt slo\u017eit\u00e1 \u2013 ne v\u017edy je z\u0159ejm\u00e9, kter\u00e9 technologie skute\u010dn\u011b funguj\u00ed, kter\u00e9 p\u0159inesou dlouhodob\u00fd u\u017eitek&hellip; <br \/> <a class=\"read-more\" href=\"https:\/\/www.kongresiti.cz\/2025\/program\/maja-chmielewska-digitalni-protokoly-prinos-pro-pacienta\/\">Read more<\/a><\/p>\n","protected":false},"author":1,"featured_media":0,"parent":37,"menu_order":0,"comment_status":"closed","ping_status":"closed","template":"pro\/page-templates\/landing-page.php","meta":{"footnotes":""},"class_list":["post-1639","page","type-page","status-publish","hentry"],"yoast_head":"<!-- This site is optimized with the Yoast SEO plugin v26.1.1 - https:\/\/yoast.com\/wordpress\/plugins\/seo\/ -->\n<title>Maja Chmielewska - Digit\u00e1ln\u00ed protokoly: P\u0159\u00ednos pro pacienta - ITI kongres Bratislava 2025<\/title>\n<meta name=\"robots\" content=\"index, follow, max-snippet:-1, max-image-preview:large, max-video-preview:-1\" \/>\n<link rel=\"canonical\" href=\"https:\/\/www.kongresiti.cz\/2025\/program\/maja-chmielewska-digitalni-protokoly-prinos-pro-pacienta\/\" \/>\n<meta property=\"og:locale\" content=\"cs_CZ\" \/>\n<meta property=\"og:type\" content=\"article\" \/>\n<meta property=\"og:title\" content=\"Maja Chmielewska - Digit\u00e1ln\u00ed protokoly: P\u0159\u00ednos pro pacienta - ITI kongres Bratislava 2025\" \/>\n<meta property=\"og:description\" content=\"Digit\u00e1ln\u00ed protokoly: P\u0159\u00ednos pro pacienta Maja ChmielewskaVzhledem k \u0161irok\u00e9 dostupnosti digit\u00e1ln\u00edch technologi\u00ed je nezbytn\u00e9 z\u00fa\u017eit v\u00fdb\u011br za\u0159\u00edzen\u00ed, do kter\u00fdch je vhodn\u00e9 investovat v r\u00e1mci soukrom\u00e9 praxe, abychom mohli na\u0161im pacient\u016fm poskytovat p\u00e9\u010di nejvy\u0161\u0161\u00ed kvality. Orientace v jednotliv\u00fdch mo\u017enostech v\u0161ak m\u016f\u017ee b\u00fdt slo\u017eit\u00e1 \u2013 ne v\u017edy je z\u0159ejm\u00e9, kter\u00e9 technologie skute\u010dn\u011b funguj\u00ed, kter\u00e9 p\u0159inesou dlouhodob\u00fd u\u017eitek&hellip; Read more\" \/>\n<meta property=\"og:url\" content=\"https:\/\/www.kongresiti.cz\/2025\/program\/maja-chmielewska-digitalni-protokoly-prinos-pro-pacienta\/\" \/>\n<meta property=\"og:site_name\" content=\"ITI kongres Bratislava 2025\" \/>\n<meta property=\"article:modified_time\" content=\"2025-07-21T14:47:25+00:00\" \/>\n<meta name=\"twitter:card\" content=\"summary_large_image\" \/>\n<script type=\"application\/ld+json\" class=\"yoast-schema-graph\">{\"@context\":\"https:\/\/schema.org\",\"@graph\":[{\"@type\":\"WebPage\",\"@id\":\"https:\/\/www.kongresiti.cz\/2025\/program\/maja-chmielewska-digitalni-protokoly-prinos-pro-pacienta\/\",\"url\":\"https:\/\/www.kongresiti.cz\/2025\/program\/maja-chmielewska-digitalni-protokoly-prinos-pro-pacienta\/\",\"name\":\"Maja Chmielewska - Digit\u00e1ln\u00ed protokoly: P\u0159\u00ednos pro pacienta - ITI kongres Bratislava 2025\",\"isPartOf\":{\"@id\":\"https:\/\/www.kongresiti.cz\/2025\/#website\"},\"datePublished\":\"2025-07-11T10:35:29+00:00\",\"dateModified\":\"2025-07-21T14:47:25+00:00\",\"breadcrumb\":{\"@id\":\"https:\/\/www.kongresiti.cz\/2025\/program\/maja-chmielewska-digitalni-protokoly-prinos-pro-pacienta\/#breadcrumb\"},\"inLanguage\":\"cs\",\"potentialAction\":[{\"@type\":\"ReadAction\",\"target\":[\"https:\/\/www.kongresiti.cz\/2025\/program\/maja-chmielewska-digitalni-protokoly-prinos-pro-pacienta\/\"]}]},{\"@type\":\"BreadcrumbList\",\"@id\":\"https:\/\/www.kongresiti.cz\/2025\/program\/maja-chmielewska-digitalni-protokoly-prinos-pro-pacienta\/#breadcrumb\",\"itemListElement\":[{\"@type\":\"ListItem\",\"position\":1,\"name\":\"Dom\u016f\",\"item\":\"https:\/\/www.kongresiti.cz\/2025\/\"},{\"@type\":\"ListItem\",\"position\":2,\"name\":\"Program\",\"item\":\"https:\/\/www.kongresiti.cz\/2025\/program\/\"},{\"@type\":\"ListItem\",\"position\":3,\"name\":\"Maja Chmielewska &#8211; Digit\u00e1ln\u00ed protokoly: P\u0159\u00ednos pro pacienta\"}]},{\"@type\":\"WebSite\",\"@id\":\"https:\/\/www.kongresiti.cz\/2025\/#website\",\"url\":\"https:\/\/www.kongresiti.cz\/2025\/\",\"name\":\"ITI kongres Bratislava 2025\",\"description\":\"Prvn\u00ed ITI kongres v \u010cesk\u00e9 a Slovensk\u00e9 republice\",\"publisher\":{\"@id\":\"https:\/\/www.kongresiti.cz\/2025\/#organization\"},\"potentialAction\":[{\"@type\":\"SearchAction\",\"target\":{\"@type\":\"EntryPoint\",\"urlTemplate\":\"https:\/\/www.kongresiti.cz\/2025\/?s={search_term_string}\"},\"query-input\":{\"@type\":\"PropertyValueSpecification\",\"valueRequired\":true,\"valueName\":\"search_term_string\"}}],\"inLanguage\":\"cs\"},{\"@type\":\"Organization\",\"@id\":\"https:\/\/www.kongresiti.cz\/2025\/#organization\",\"name\":\"ITI kongres Bratislava 2025\",\"url\":\"https:\/\/www.kongresiti.cz\/2025\/\",\"logo\":{\"@type\":\"ImageObject\",\"inLanguage\":\"cs\",\"@id\":\"https:\/\/www.kongresiti.cz\/2025\/#\/schema\/logo\/image\/\",\"url\":\"https:\/\/www.kongresiti.cz\/2025\/wp-content\/uploads\/2025\/06\/logo-ITI-Section-Czech-web.png\",\"contentUrl\":\"https:\/\/www.kongresiti.cz\/2025\/wp-content\/uploads\/2025\/06\/logo-ITI-Section-Czech-web.png\",\"width\":262,\"height\":111,\"caption\":\"ITI kongres Bratislava 2025\"},\"image\":{\"@id\":\"https:\/\/www.kongresiti.cz\/2025\/#\/schema\/logo\/image\/\"}}]}<\/script>\n<!-- \/ Yoast SEO plugin. -->","yoast_head_json":{"title":"Maja Chmielewska - Digit\u00e1ln\u00ed protokoly: P\u0159\u00ednos pro pacienta - ITI kongres Bratislava 2025","robots":{"index":"index","follow":"follow","max-snippet":"max-snippet:-1","max-image-preview":"max-image-preview:large","max-video-preview":"max-video-preview:-1"},"canonical":"https:\/\/www.kongresiti.cz\/2025\/program\/maja-chmielewska-digitalni-protokoly-prinos-pro-pacienta\/","og_locale":"cs_CZ","og_type":"article","og_title":"Maja Chmielewska - Digit\u00e1ln\u00ed protokoly: P\u0159\u00ednos pro pacienta - ITI kongres Bratislava 2025","og_description":"Digit\u00e1ln\u00ed protokoly: P\u0159\u00ednos pro pacienta Maja ChmielewskaVzhledem k \u0161irok\u00e9 dostupnosti digit\u00e1ln\u00edch technologi\u00ed je nezbytn\u00e9 z\u00fa\u017eit v\u00fdb\u011br za\u0159\u00edzen\u00ed, do kter\u00fdch je vhodn\u00e9 investovat v r\u00e1mci soukrom\u00e9 praxe, abychom mohli na\u0161im pacient\u016fm poskytovat p\u00e9\u010di nejvy\u0161\u0161\u00ed kvality. Orientace v jednotliv\u00fdch mo\u017enostech v\u0161ak m\u016f\u017ee b\u00fdt slo\u017eit\u00e1 \u2013 ne v\u017edy je z\u0159ejm\u00e9, kter\u00e9 technologie skute\u010dn\u011b funguj\u00ed, kter\u00e9 p\u0159inesou dlouhodob\u00fd u\u017eitek&hellip; Read more","og_url":"https:\/\/www.kongresiti.cz\/2025\/program\/maja-chmielewska-digitalni-protokoly-prinos-pro-pacienta\/","og_site_name":"ITI kongres Bratislava 2025","article_modified_time":"2025-07-21T14:47:25+00:00","twitter_card":"summary_large_image","schema":{"@context":"https:\/\/schema.org","@graph":[{"@type":"WebPage","@id":"https:\/\/www.kongresiti.cz\/2025\/program\/maja-chmielewska-digitalni-protokoly-prinos-pro-pacienta\/","url":"https:\/\/www.kongresiti.cz\/2025\/program\/maja-chmielewska-digitalni-protokoly-prinos-pro-pacienta\/","name":"Maja Chmielewska - Digit\u00e1ln\u00ed protokoly: P\u0159\u00ednos pro pacienta - ITI kongres Bratislava 2025","isPartOf":{"@id":"https:\/\/www.kongresiti.cz\/2025\/#website"},"datePublished":"2025-07-11T10:35:29+00:00","dateModified":"2025-07-21T14:47:25+00:00","breadcrumb":{"@id":"https:\/\/www.kongresiti.cz\/2025\/program\/maja-chmielewska-digitalni-protokoly-prinos-pro-pacienta\/#breadcrumb"},"inLanguage":"cs","potentialAction":[{"@type":"ReadAction","target":["https:\/\/www.kongresiti.cz\/2025\/program\/maja-chmielewska-digitalni-protokoly-prinos-pro-pacienta\/"]}]},{"@type":"BreadcrumbList","@id":"https:\/\/www.kongresiti.cz\/2025\/program\/maja-chmielewska-digitalni-protokoly-prinos-pro-pacienta\/#breadcrumb","itemListElement":[{"@type":"ListItem","position":1,"name":"Dom\u016f","item":"https:\/\/www.kongresiti.cz\/2025\/"},{"@type":"ListItem","position":2,"name":"Program","item":"https:\/\/www.kongresiti.cz\/2025\/program\/"},{"@type":"ListItem","position":3,"name":"Maja Chmielewska &#8211; Digit\u00e1ln\u00ed protokoly: P\u0159\u00ednos pro pacienta"}]},{"@type":"WebSite","@id":"https:\/\/www.kongresiti.cz\/2025\/#website","url":"https:\/\/www.kongresiti.cz\/2025\/","name":"ITI kongres Bratislava 2025","description":"Prvn\u00ed ITI kongres v \u010cesk\u00e9 a Slovensk\u00e9 republice","publisher":{"@id":"https:\/\/www.kongresiti.cz\/2025\/#organization"},"potentialAction":[{"@type":"SearchAction","target":{"@type":"EntryPoint","urlTemplate":"https:\/\/www.kongresiti.cz\/2025\/?s={search_term_string}"},"query-input":{"@type":"PropertyValueSpecification","valueRequired":true,"valueName":"search_term_string"}}],"inLanguage":"cs"},{"@type":"Organization","@id":"https:\/\/www.kongresiti.cz\/2025\/#organization","name":"ITI kongres Bratislava 2025","url":"https:\/\/www.kongresiti.cz\/2025\/","logo":{"@type":"ImageObject","inLanguage":"cs","@id":"https:\/\/www.kongresiti.cz\/2025\/#\/schema\/logo\/image\/","url":"https:\/\/www.kongresiti.cz\/2025\/wp-content\/uploads\/2025\/06\/logo-ITI-Section-Czech-web.png","contentUrl":"https:\/\/www.kongresiti.cz\/2025\/wp-content\/uploads\/2025\/06\/logo-ITI-Section-Czech-web.png","width":262,"height":111,"caption":"ITI kongres Bratislava 2025"},"image":{"@id":"https:\/\/www.kongresiti.cz\/2025\/#\/schema\/logo\/image\/"}}]}},"_links":{"self":[{"href":"https:\/\/www.kongresiti.cz\/2025\/wp-json\/wp\/v2\/pages\/1639","targetHints":{"allow":["GET"]}}],"collection":[{"href":"https:\/\/www.kongresiti.cz\/2025\/wp-json\/wp\/v2\/pages"}],"about":[{"href":"https:\/\/www.kongresiti.cz\/2025\/wp-json\/wp\/v2\/types\/page"}],"author":[{"embeddable":true,"href":"https:\/\/www.kongresiti.cz\/2025\/wp-json\/wp\/v2\/users\/1"}],"replies":[{"embeddable":true,"href":"https:\/\/www.kongresiti.cz\/2025\/wp-json\/wp\/v2\/comments?post=1639"}],"version-history":[{"count":1,"href":"https:\/\/www.kongresiti.cz\/2025\/wp-json\/wp\/v2\/pages\/1639\/revisions"}],"predecessor-version":[{"id":1756,"href":"https:\/\/www.kongresiti.cz\/2025\/wp-json\/wp\/v2\/pages\/1639\/revisions\/1756"}],"up":[{"embeddable":true,"href":"https:\/\/www.kongresiti.cz\/2025\/wp-json\/wp\/v2\/pages\/37"}],"wp:attachment":[{"href":"https:\/\/www.kongresiti.cz\/2025\/wp-json\/wp\/v2\/media?parent=1639"}],"curies":[{"name":"wp","href":"https:\/\/api.w.org\/{rel}","templated":true}]}}