{"id":1647,"date":"2025-07-11T12:39:59","date_gmt":"2025-07-11T10:39:59","guid":{"rendered":"https:\/\/www.kongresiti.cz\/2025\/?page_id=1647"},"modified":"2025-07-21T17:44:42","modified_gmt":"2025-07-21T15:44:42","slug":"michal-stefanatny-management-tkani-kolem-dentalnich-implantatu","status":"publish","type":"page","link":"https:\/\/www.kongresiti.cz\/2025\/program\/michal-stefanatny-management-tkani-kolem-dentalnich-implantatu\/","title":{"rendered":"Michal \u0160tefanatn\u00fd &#8211; Management tk\u00e1n\u00ed kolem dent\u00e1ln\u00edch implant\u00e1t\u016f"},"content":{"rendered":"<div  data-label=\"Content\" data-id=\"content--1\" data-export-id=\"content-12\" data-category=\"content\" class=\"content-12 content-section content-section-spacing\" id=\"content-1\" style=\"background-color: rgb(255, 255, 255);\"><div  class=\"gridContainer\"> <div  class=\"row text-center\"><div  class=\"section-title-col\" data-type=\"column\"> <h2  class=\"\">Management m\u011bkk\u00fdch tk\u00e1n\u00ed v okol\u00ed dent\u00e1ln\u00edch implant\u00e1t\u016f<\/h2> <h3  class=\"\">Michal \u0160tefanatn\u00fd<\/h3><p  class=\"lead\" style=\"text-align: left;\">Hlavn\u00edm etiologick\u00fdm faktorem vzniku a progrese onemocn\u011bn\u00ed periimplant\u00e1tov\u00fdch tk\u00e1n\u00ed je akumulace biofilmu. Krom\u011b plaku v\u0161ak na rozvoji onemocn\u011bn\u00ed hraj\u00ed roli i dal\u0161\u00ed rizikov\u00e9 faktory, jako je anamn\u00e9za parodontitidy, absence nebo nepravidelnost periimplant\u00e1tov\u00e9 p\u00e9\u010de \u010di nedostate\u010dn\u011b \u010distiteln\u00e9 protetick\u00e9 rekonstrukce.<br >\nJak\u00e9 kroky m\u016f\u017eeme podniknout je\u0161t\u011b p\u0159ed zaveden\u00edm dent\u00e1ln\u00edho implant\u00e1tu, abychom dos\u00e1hli dlouhodob\u011b p\u0159edv\u00eddateln\u00fdch a stabiln\u00edch v\u00fdsledk\u016f? A jak\u00e1 opat\u0159en\u00ed je t\u0159eba dodr\u017eovat po dokon\u010den\u00ed implantologick\u00e9 l\u00e9\u010dby, abychom zajistili co nejdel\u0161\u00ed funk\u010dnost implant\u00e1tu?Jak\u00fd vliv m\u00e1 absence nebo nedostate\u010dn\u00e1 \u0161\u00ed\u0159ka keratinizovan\u00e9 tk\u00e1n\u011b na dlouhodob\u00e9 udr\u017een\u00ed zdrav\u00ed v okol\u00ed implant\u00e1tu? Kter\u00e9 faktory negativn\u011b ovliv\u0148uj\u00ed \u00fastn\u00ed hygienu a zvy\u0161uj\u00ed n\u00e1chylnost implant\u00e1tu k z\u00e1n\u011btliv\u00fdm komplikac\u00edm? Lze pomoc\u00ed c\u00edlen\u00fdch z\u00e1sah\u016f sn\u00ed\u017eit riziko periimplantitidy a dal\u0161\u00ed ztr\u00e1ty kosti? Jak \u010dasto by m\u011bl pacient doch\u00e1zet na dent\u00e1ln\u00ed hygienu, jak\u00e9 \u00fakony by m\u011bl p\u0159i recall n\u00e1v\u0161t\u011bv\u00e1ch prov\u00e1d\u011bt hygienista nebo zubn\u00ed l\u00e9ka\u0159 a jak m\u00e1 b\u00fdt pacient spr\u00e1vn\u011b instruov\u00e1n v dom\u00e1c\u00ed p\u00e9\u010di?<\/p><\/div> <\/div> <div  class=\"row center-xs middle-xs\"> <div  class=\"col-sm-9\" data-type=\"column\"><div  data-editable=\"true\" data-name=\"ope-widgets-area\" data-content-shortcode=\"mesmerize_display_widgets_area id=&quot;mesmerize_users_custom_widgets_areas_5&quot; \" class=\"\"><div data-name=\"mesmerize-widgets-area\"><div id=\"block-14\" class=\"widget widget_block\"><style>\n.mesmerize-language-switcher, #wpadminbar {display: none !important}\n.site>.page-content.landing {justify-content: start;}\nbody.custom-background {background-image: none;}\n.site {min-height: auto;}\nhtml {margin-top: 0 !important}\n\n<\/style><\/div><\/div><\/div> <\/div> <\/div><\/div> <\/div>","protected":false},"excerpt":{"rendered":"<p>Management m\u011bkk\u00fdch tk\u00e1n\u00ed v okol\u00ed dent\u00e1ln\u00edch implant\u00e1t\u016f Michal \u0160tefanatn\u00fdHlavn\u00edm etiologick\u00fdm faktorem vzniku a progrese onemocn\u011bn\u00ed periimplant\u00e1tov\u00fdch tk\u00e1n\u00ed je akumulace biofilmu. Krom\u011b plaku v\u0161ak na rozvoji onemocn\u011bn\u00ed hraj\u00ed roli i dal\u0161\u00ed rizikov\u00e9 faktory, jako je anamn\u00e9za parodontitidy, absence nebo nepravidelnost periimplant\u00e1tov\u00e9 p\u00e9\u010de \u010di nedostate\u010dn\u011b \u010distiteln\u00e9 protetick\u00e9 rekonstrukce. Jak\u00e9 kroky m\u016f\u017eeme podniknout je\u0161t\u011b p\u0159ed zaveden\u00edm dent\u00e1ln\u00edho implant\u00e1tu,&hellip; <br \/> <a class=\"read-more\" href=\"https:\/\/www.kongresiti.cz\/2025\/program\/michal-stefanatny-management-tkani-kolem-dentalnich-implantatu\/\">Read more<\/a><\/p>\n","protected":false},"author":1,"featured_media":0,"parent":37,"menu_order":0,"comment_status":"closed","ping_status":"closed","template":"pro\/page-templates\/landing-page.php","meta":{"footnotes":""},"class_list":["post-1647","page","type-page","status-publish","hentry"],"yoast_head":"<!-- This site is optimized with the Yoast SEO plugin v26.1.1 - https:\/\/yoast.com\/wordpress\/plugins\/seo\/ -->\n<title>Michal \u0160tefanatn\u00fd - Management tk\u00e1n\u00ed kolem dent\u00e1ln\u00edch implant\u00e1t\u016f - ITI kongres Bratislava 2025<\/title>\n<meta name=\"robots\" content=\"index, follow, max-snippet:-1, max-image-preview:large, max-video-preview:-1\" \/>\n<link rel=\"canonical\" href=\"https:\/\/www.kongresiti.cz\/2025\/program\/michal-stefanatny-management-tkani-kolem-dentalnich-implantatu\/\" \/>\n<meta property=\"og:locale\" content=\"cs_CZ\" \/>\n<meta property=\"og:type\" content=\"article\" \/>\n<meta property=\"og:title\" content=\"Michal \u0160tefanatn\u00fd - Management tk\u00e1n\u00ed kolem dent\u00e1ln\u00edch implant\u00e1t\u016f - ITI kongres Bratislava 2025\" \/>\n<meta property=\"og:description\" content=\"Management m\u011bkk\u00fdch tk\u00e1n\u00ed v okol\u00ed dent\u00e1ln\u00edch implant\u00e1t\u016f Michal \u0160tefanatn\u00fdHlavn\u00edm etiologick\u00fdm faktorem vzniku a progrese onemocn\u011bn\u00ed periimplant\u00e1tov\u00fdch tk\u00e1n\u00ed je akumulace biofilmu. Krom\u011b plaku v\u0161ak na rozvoji onemocn\u011bn\u00ed hraj\u00ed roli i dal\u0161\u00ed rizikov\u00e9 faktory, jako je anamn\u00e9za parodontitidy, absence nebo nepravidelnost periimplant\u00e1tov\u00e9 p\u00e9\u010de \u010di nedostate\u010dn\u011b \u010distiteln\u00e9 protetick\u00e9 rekonstrukce. Jak\u00e9 kroky m\u016f\u017eeme podniknout je\u0161t\u011b p\u0159ed zaveden\u00edm dent\u00e1ln\u00edho implant\u00e1tu,&hellip; Read more\" \/>\n<meta property=\"og:url\" content=\"https:\/\/www.kongresiti.cz\/2025\/program\/michal-stefanatny-management-tkani-kolem-dentalnich-implantatu\/\" \/>\n<meta property=\"og:site_name\" content=\"ITI kongres Bratislava 2025\" \/>\n<meta property=\"article:modified_time\" content=\"2025-07-21T15:44:42+00:00\" \/>\n<meta name=\"twitter:card\" content=\"summary_large_image\" \/>\n<script type=\"application\/ld+json\" class=\"yoast-schema-graph\">{\"@context\":\"https:\/\/schema.org\",\"@graph\":[{\"@type\":\"WebPage\",\"@id\":\"https:\/\/www.kongresiti.cz\/2025\/program\/michal-stefanatny-management-tkani-kolem-dentalnich-implantatu\/\",\"url\":\"https:\/\/www.kongresiti.cz\/2025\/program\/michal-stefanatny-management-tkani-kolem-dentalnich-implantatu\/\",\"name\":\"Michal \u0160tefanatn\u00fd - Management tk\u00e1n\u00ed kolem dent\u00e1ln\u00edch implant\u00e1t\u016f - ITI kongres Bratislava 2025\",\"isPartOf\":{\"@id\":\"https:\/\/www.kongresiti.cz\/2025\/#website\"},\"datePublished\":\"2025-07-11T10:39:59+00:00\",\"dateModified\":\"2025-07-21T15:44:42+00:00\",\"breadcrumb\":{\"@id\":\"https:\/\/www.kongresiti.cz\/2025\/program\/michal-stefanatny-management-tkani-kolem-dentalnich-implantatu\/#breadcrumb\"},\"inLanguage\":\"cs\",\"potentialAction\":[{\"@type\":\"ReadAction\",\"target\":[\"https:\/\/www.kongresiti.cz\/2025\/program\/michal-stefanatny-management-tkani-kolem-dentalnich-implantatu\/\"]}]},{\"@type\":\"BreadcrumbList\",\"@id\":\"https:\/\/www.kongresiti.cz\/2025\/program\/michal-stefanatny-management-tkani-kolem-dentalnich-implantatu\/#breadcrumb\",\"itemListElement\":[{\"@type\":\"ListItem\",\"position\":1,\"name\":\"Dom\u016f\",\"item\":\"https:\/\/www.kongresiti.cz\/2025\/\"},{\"@type\":\"ListItem\",\"position\":2,\"name\":\"Program\",\"item\":\"https:\/\/www.kongresiti.cz\/2025\/program\/\"},{\"@type\":\"ListItem\",\"position\":3,\"name\":\"Michal \u0160tefanatn\u00fd &#8211; Management tk\u00e1n\u00ed kolem dent\u00e1ln\u00edch implant\u00e1t\u016f\"}]},{\"@type\":\"WebSite\",\"@id\":\"https:\/\/www.kongresiti.cz\/2025\/#website\",\"url\":\"https:\/\/www.kongresiti.cz\/2025\/\",\"name\":\"ITI kongres Bratislava 2025\",\"description\":\"Prvn\u00ed ITI kongres v \u010cesk\u00e9 a Slovensk\u00e9 republice\",\"publisher\":{\"@id\":\"https:\/\/www.kongresiti.cz\/2025\/#organization\"},\"potentialAction\":[{\"@type\":\"SearchAction\",\"target\":{\"@type\":\"EntryPoint\",\"urlTemplate\":\"https:\/\/www.kongresiti.cz\/2025\/?s={search_term_string}\"},\"query-input\":{\"@type\":\"PropertyValueSpecification\",\"valueRequired\":true,\"valueName\":\"search_term_string\"}}],\"inLanguage\":\"cs\"},{\"@type\":\"Organization\",\"@id\":\"https:\/\/www.kongresiti.cz\/2025\/#organization\",\"name\":\"ITI kongres Bratislava 2025\",\"url\":\"https:\/\/www.kongresiti.cz\/2025\/\",\"logo\":{\"@type\":\"ImageObject\",\"inLanguage\":\"cs\",\"@id\":\"https:\/\/www.kongresiti.cz\/2025\/#\/schema\/logo\/image\/\",\"url\":\"https:\/\/www.kongresiti.cz\/2025\/wp-content\/uploads\/2025\/06\/logo-ITI-Section-Czech-web.png\",\"contentUrl\":\"https:\/\/www.kongresiti.cz\/2025\/wp-content\/uploads\/2025\/06\/logo-ITI-Section-Czech-web.png\",\"width\":262,\"height\":111,\"caption\":\"ITI kongres Bratislava 2025\"},\"image\":{\"@id\":\"https:\/\/www.kongresiti.cz\/2025\/#\/schema\/logo\/image\/\"}}]}<\/script>\n<!-- \/ Yoast SEO plugin. -->","yoast_head_json":{"title":"Michal \u0160tefanatn\u00fd - Management tk\u00e1n\u00ed kolem dent\u00e1ln\u00edch implant\u00e1t\u016f - ITI kongres Bratislava 2025","robots":{"index":"index","follow":"follow","max-snippet":"max-snippet:-1","max-image-preview":"max-image-preview:large","max-video-preview":"max-video-preview:-1"},"canonical":"https:\/\/www.kongresiti.cz\/2025\/program\/michal-stefanatny-management-tkani-kolem-dentalnich-implantatu\/","og_locale":"cs_CZ","og_type":"article","og_title":"Michal \u0160tefanatn\u00fd - Management tk\u00e1n\u00ed kolem dent\u00e1ln\u00edch implant\u00e1t\u016f - ITI kongres Bratislava 2025","og_description":"Management m\u011bkk\u00fdch tk\u00e1n\u00ed v okol\u00ed dent\u00e1ln\u00edch implant\u00e1t\u016f Michal \u0160tefanatn\u00fdHlavn\u00edm etiologick\u00fdm faktorem vzniku a progrese onemocn\u011bn\u00ed periimplant\u00e1tov\u00fdch tk\u00e1n\u00ed je akumulace biofilmu. Krom\u011b plaku v\u0161ak na rozvoji onemocn\u011bn\u00ed hraj\u00ed roli i dal\u0161\u00ed rizikov\u00e9 faktory, jako je anamn\u00e9za parodontitidy, absence nebo nepravidelnost periimplant\u00e1tov\u00e9 p\u00e9\u010de \u010di nedostate\u010dn\u011b \u010distiteln\u00e9 protetick\u00e9 rekonstrukce. Jak\u00e9 kroky m\u016f\u017eeme podniknout je\u0161t\u011b p\u0159ed zaveden\u00edm dent\u00e1ln\u00edho implant\u00e1tu,&hellip; Read more","og_url":"https:\/\/www.kongresiti.cz\/2025\/program\/michal-stefanatny-management-tkani-kolem-dentalnich-implantatu\/","og_site_name":"ITI kongres Bratislava 2025","article_modified_time":"2025-07-21T15:44:42+00:00","twitter_card":"summary_large_image","schema":{"@context":"https:\/\/schema.org","@graph":[{"@type":"WebPage","@id":"https:\/\/www.kongresiti.cz\/2025\/program\/michal-stefanatny-management-tkani-kolem-dentalnich-implantatu\/","url":"https:\/\/www.kongresiti.cz\/2025\/program\/michal-stefanatny-management-tkani-kolem-dentalnich-implantatu\/","name":"Michal \u0160tefanatn\u00fd - Management tk\u00e1n\u00ed kolem dent\u00e1ln\u00edch implant\u00e1t\u016f - ITI kongres Bratislava 2025","isPartOf":{"@id":"https:\/\/www.kongresiti.cz\/2025\/#website"},"datePublished":"2025-07-11T10:39:59+00:00","dateModified":"2025-07-21T15:44:42+00:00","breadcrumb":{"@id":"https:\/\/www.kongresiti.cz\/2025\/program\/michal-stefanatny-management-tkani-kolem-dentalnich-implantatu\/#breadcrumb"},"inLanguage":"cs","potentialAction":[{"@type":"ReadAction","target":["https:\/\/www.kongresiti.cz\/2025\/program\/michal-stefanatny-management-tkani-kolem-dentalnich-implantatu\/"]}]},{"@type":"BreadcrumbList","@id":"https:\/\/www.kongresiti.cz\/2025\/program\/michal-stefanatny-management-tkani-kolem-dentalnich-implantatu\/#breadcrumb","itemListElement":[{"@type":"ListItem","position":1,"name":"Dom\u016f","item":"https:\/\/www.kongresiti.cz\/2025\/"},{"@type":"ListItem","position":2,"name":"Program","item":"https:\/\/www.kongresiti.cz\/2025\/program\/"},{"@type":"ListItem","position":3,"name":"Michal \u0160tefanatn\u00fd &#8211; Management tk\u00e1n\u00ed kolem dent\u00e1ln\u00edch implant\u00e1t\u016f"}]},{"@type":"WebSite","@id":"https:\/\/www.kongresiti.cz\/2025\/#website","url":"https:\/\/www.kongresiti.cz\/2025\/","name":"ITI kongres Bratislava 2025","description":"Prvn\u00ed ITI kongres v \u010cesk\u00e9 a Slovensk\u00e9 republice","publisher":{"@id":"https:\/\/www.kongresiti.cz\/2025\/#organization"},"potentialAction":[{"@type":"SearchAction","target":{"@type":"EntryPoint","urlTemplate":"https:\/\/www.kongresiti.cz\/2025\/?s={search_term_string}"},"query-input":{"@type":"PropertyValueSpecification","valueRequired":true,"valueName":"search_term_string"}}],"inLanguage":"cs"},{"@type":"Organization","@id":"https:\/\/www.kongresiti.cz\/2025\/#organization","name":"ITI kongres Bratislava 2025","url":"https:\/\/www.kongresiti.cz\/2025\/","logo":{"@type":"ImageObject","inLanguage":"cs","@id":"https:\/\/www.kongresiti.cz\/2025\/#\/schema\/logo\/image\/","url":"https:\/\/www.kongresiti.cz\/2025\/wp-content\/uploads\/2025\/06\/logo-ITI-Section-Czech-web.png","contentUrl":"https:\/\/www.kongresiti.cz\/2025\/wp-content\/uploads\/2025\/06\/logo-ITI-Section-Czech-web.png","width":262,"height":111,"caption":"ITI kongres Bratislava 2025"},"image":{"@id":"https:\/\/www.kongresiti.cz\/2025\/#\/schema\/logo\/image\/"}}]}},"_links":{"self":[{"href":"https:\/\/www.kongresiti.cz\/2025\/wp-json\/wp\/v2\/pages\/1647","targetHints":{"allow":["GET"]}}],"collection":[{"href":"https:\/\/www.kongresiti.cz\/2025\/wp-json\/wp\/v2\/pages"}],"about":[{"href":"https:\/\/www.kongresiti.cz\/2025\/wp-json\/wp\/v2\/types\/page"}],"author":[{"embeddable":true,"href":"https:\/\/www.kongresiti.cz\/2025\/wp-json\/wp\/v2\/users\/1"}],"replies":[{"embeddable":true,"href":"https:\/\/www.kongresiti.cz\/2025\/wp-json\/wp\/v2\/comments?post=1647"}],"version-history":[{"count":2,"href":"https:\/\/www.kongresiti.cz\/2025\/wp-json\/wp\/v2\/pages\/1647\/revisions"}],"predecessor-version":[{"id":1820,"href":"https:\/\/www.kongresiti.cz\/2025\/wp-json\/wp\/v2\/pages\/1647\/revisions\/1820"}],"up":[{"embeddable":true,"href":"https:\/\/www.kongresiti.cz\/2025\/wp-json\/wp\/v2\/pages\/37"}],"wp:attachment":[{"href":"https:\/\/www.kongresiti.cz\/2025\/wp-json\/wp\/v2\/media?parent=1647"}],"curies":[{"name":"wp","href":"https:\/\/api.w.org\/{rel}","templated":true}]}}