{"id":1651,"date":"2025-07-11T12:41:47","date_gmt":"2025-07-11T10:41:47","guid":{"rendered":"https:\/\/www.kongresiti.cz\/2025\/?page_id=1651"},"modified":"2025-07-21T17:23:38","modified_gmt":"2025-07-21T15:23:38","slug":"simon-belak-neni-deep-scaling-jako-deep-scaling","status":"publish","type":"page","link":"https:\/\/www.kongresiti.cz\/2025\/program\/simon-belak-neni-deep-scaling-jako-deep-scaling\/","title":{"rendered":"\u0160imon Bel\u00e1k &#8211; Nen\u00ed deep scaling jako deep scaling"},"content":{"rendered":"<div  data-label=\"Content\" data-id=\"content--1\" data-export-id=\"content-12\" data-category=\"content\" class=\"content-12 content-section content-section-spacing\" id=\"content-1\" style=\"background-color: rgb(255, 255, 255);\"><div  class=\"gridContainer\"> <div  class=\"row text-center\"><div  class=\"section-title-col\" data-type=\"column\"> <h2  class=\"\">Nen\u00ed deep scaling jako deep scaling<\/h2> <h3  class=\"\">\u0160imon Bel\u00e1k<\/h3><p  class=\"lead\" style=\"text-align: left;\">Deep scaling, scaling a root planing, subgingiv\u00e1ln\u00ed scaling, kyret\u00e1\u017e, subgingiv\u00e1ln\u00ed o\u0161et\u0159en\u00ed&#8230; n\u011bkdy je v t\u011bchto pojmech zmatek \u2013 i kdy\u017e c\u00edl je v\u017edy stejn\u00fd. Ale nemus\u00ed to tak b\u00fdt. Kdy p\u0159esn\u011b tedy prov\u00e9st debridement, kdy scaling a kdy root planing? Jak\u00fd n\u00e1stroj je vhodn\u00fd pro kter\u00fd krok? A je opravdu nutn\u00e9 v\u017edy postupovat podle pevn\u011b dan\u00e9ho sch\u00e9matu, abychom dos\u00e1hli terapeutick\u00e9ho c\u00edle?<br >\nV t\u00e9to p\u0159edn\u00e1\u0161ce vysv\u011btl\u00edm, jak postupovat p\u0159i po\u010d\u00e1te\u010dn\u00edm parodontologick\u00e9m o\u0161et\u0159en\u00ed tak, abyste na tyto ot\u00e1zky znali jasn\u00e9 odpov\u011bdi<\/p><\/div> <\/div> <div  class=\"row center-xs middle-xs\"> <div  class=\"col-sm-9\" data-type=\"column\"><div  data-editable=\"true\" data-name=\"ope-widgets-area\" data-content-shortcode=\"mesmerize_display_widgets_area id=&quot;mesmerize_users_custom_widgets_areas_5&quot; \" class=\"\"><div data-name=\"mesmerize-widgets-area\"><div id=\"block-14\" class=\"widget widget_block\"><style>\n.mesmerize-language-switcher, #wpadminbar {display: none !important}\n.site>.page-content.landing {justify-content: start;}\nbody.custom-background {background-image: none;}\n.site {min-height: auto;}\nhtml {margin-top: 0 !important}\n\n<\/style><\/div><\/div><\/div> <\/div> <\/div><\/div> <\/div>","protected":false},"excerpt":{"rendered":"<p>Nen\u00ed deep scaling jako deep scaling \u0160imon Bel\u00e1kDeep scaling, scaling a root planing, subgingiv\u00e1ln\u00ed scaling, kyret\u00e1\u017e, subgingiv\u00e1ln\u00ed o\u0161et\u0159en\u00ed&#8230; n\u011bkdy je v t\u011bchto pojmech zmatek \u2013 i kdy\u017e c\u00edl je v\u017edy stejn\u00fd. Ale nemus\u00ed to tak b\u00fdt. Kdy p\u0159esn\u011b tedy prov\u00e9st debridement, kdy scaling a kdy root planing? Jak\u00fd n\u00e1stroj je vhodn\u00fd pro kter\u00fd krok? A&hellip; <br \/> <a class=\"read-more\" href=\"https:\/\/www.kongresiti.cz\/2025\/program\/simon-belak-neni-deep-scaling-jako-deep-scaling\/\">Read more<\/a><\/p>\n","protected":false},"author":1,"featured_media":0,"parent":37,"menu_order":0,"comment_status":"closed","ping_status":"closed","template":"pro\/page-templates\/landing-page.php","meta":{"footnotes":""},"class_list":["post-1651","page","type-page","status-publish","hentry"],"yoast_head":"<!-- This site is optimized with the Yoast SEO plugin v26.1.1 - https:\/\/yoast.com\/wordpress\/plugins\/seo\/ -->\n<title>\u0160imon Bel\u00e1k - Nen\u00ed deep scaling jako deep scaling - ITI kongres Bratislava 2025<\/title>\n<meta name=\"robots\" content=\"index, follow, max-snippet:-1, max-image-preview:large, max-video-preview:-1\" \/>\n<link rel=\"canonical\" href=\"https:\/\/www.kongresiti.cz\/2025\/program\/simon-belak-neni-deep-scaling-jako-deep-scaling\/\" \/>\n<meta property=\"og:locale\" content=\"cs_CZ\" \/>\n<meta property=\"og:type\" content=\"article\" \/>\n<meta property=\"og:title\" content=\"\u0160imon Bel\u00e1k - Nen\u00ed deep scaling jako deep scaling - ITI kongres Bratislava 2025\" \/>\n<meta property=\"og:description\" content=\"Nen\u00ed deep scaling jako deep scaling \u0160imon Bel\u00e1kDeep scaling, scaling a root planing, subgingiv\u00e1ln\u00ed scaling, kyret\u00e1\u017e, subgingiv\u00e1ln\u00ed o\u0161et\u0159en\u00ed&#8230; n\u011bkdy je v t\u011bchto pojmech zmatek \u2013 i kdy\u017e c\u00edl je v\u017edy stejn\u00fd. Ale nemus\u00ed to tak b\u00fdt. Kdy p\u0159esn\u011b tedy prov\u00e9st debridement, kdy scaling a kdy root planing? Jak\u00fd n\u00e1stroj je vhodn\u00fd pro kter\u00fd krok? A&hellip; Read more\" \/>\n<meta property=\"og:url\" content=\"https:\/\/www.kongresiti.cz\/2025\/program\/simon-belak-neni-deep-scaling-jako-deep-scaling\/\" \/>\n<meta property=\"og:site_name\" content=\"ITI kongres Bratislava 2025\" \/>\n<meta property=\"article:modified_time\" content=\"2025-07-21T15:23:38+00:00\" \/>\n<meta name=\"twitter:card\" content=\"summary_large_image\" \/>\n<script type=\"application\/ld+json\" class=\"yoast-schema-graph\">{\"@context\":\"https:\/\/schema.org\",\"@graph\":[{\"@type\":\"WebPage\",\"@id\":\"https:\/\/www.kongresiti.cz\/2025\/program\/simon-belak-neni-deep-scaling-jako-deep-scaling\/\",\"url\":\"https:\/\/www.kongresiti.cz\/2025\/program\/simon-belak-neni-deep-scaling-jako-deep-scaling\/\",\"name\":\"\u0160imon Bel\u00e1k - Nen\u00ed deep scaling jako deep scaling - ITI kongres Bratislava 2025\",\"isPartOf\":{\"@id\":\"https:\/\/www.kongresiti.cz\/2025\/#website\"},\"datePublished\":\"2025-07-11T10:41:47+00:00\",\"dateModified\":\"2025-07-21T15:23:38+00:00\",\"breadcrumb\":{\"@id\":\"https:\/\/www.kongresiti.cz\/2025\/program\/simon-belak-neni-deep-scaling-jako-deep-scaling\/#breadcrumb\"},\"inLanguage\":\"cs\",\"potentialAction\":[{\"@type\":\"ReadAction\",\"target\":[\"https:\/\/www.kongresiti.cz\/2025\/program\/simon-belak-neni-deep-scaling-jako-deep-scaling\/\"]}]},{\"@type\":\"BreadcrumbList\",\"@id\":\"https:\/\/www.kongresiti.cz\/2025\/program\/simon-belak-neni-deep-scaling-jako-deep-scaling\/#breadcrumb\",\"itemListElement\":[{\"@type\":\"ListItem\",\"position\":1,\"name\":\"Dom\u016f\",\"item\":\"https:\/\/www.kongresiti.cz\/2025\/\"},{\"@type\":\"ListItem\",\"position\":2,\"name\":\"Program\",\"item\":\"https:\/\/www.kongresiti.cz\/2025\/program\/\"},{\"@type\":\"ListItem\",\"position\":3,\"name\":\"\u0160imon Bel\u00e1k &#8211; Nen\u00ed deep scaling jako deep scaling\"}]},{\"@type\":\"WebSite\",\"@id\":\"https:\/\/www.kongresiti.cz\/2025\/#website\",\"url\":\"https:\/\/www.kongresiti.cz\/2025\/\",\"name\":\"ITI kongres Bratislava 2025\",\"description\":\"Prvn\u00ed ITI kongres v \u010cesk\u00e9 a Slovensk\u00e9 republice\",\"publisher\":{\"@id\":\"https:\/\/www.kongresiti.cz\/2025\/#organization\"},\"potentialAction\":[{\"@type\":\"SearchAction\",\"target\":{\"@type\":\"EntryPoint\",\"urlTemplate\":\"https:\/\/www.kongresiti.cz\/2025\/?s={search_term_string}\"},\"query-input\":{\"@type\":\"PropertyValueSpecification\",\"valueRequired\":true,\"valueName\":\"search_term_string\"}}],\"inLanguage\":\"cs\"},{\"@type\":\"Organization\",\"@id\":\"https:\/\/www.kongresiti.cz\/2025\/#organization\",\"name\":\"ITI kongres Bratislava 2025\",\"url\":\"https:\/\/www.kongresiti.cz\/2025\/\",\"logo\":{\"@type\":\"ImageObject\",\"inLanguage\":\"cs\",\"@id\":\"https:\/\/www.kongresiti.cz\/2025\/#\/schema\/logo\/image\/\",\"url\":\"https:\/\/www.kongresiti.cz\/2025\/wp-content\/uploads\/2025\/06\/logo-ITI-Section-Czech-web.png\",\"contentUrl\":\"https:\/\/www.kongresiti.cz\/2025\/wp-content\/uploads\/2025\/06\/logo-ITI-Section-Czech-web.png\",\"width\":262,\"height\":111,\"caption\":\"ITI kongres Bratislava 2025\"},\"image\":{\"@id\":\"https:\/\/www.kongresiti.cz\/2025\/#\/schema\/logo\/image\/\"}}]}<\/script>\n<!-- \/ Yoast SEO plugin. -->","yoast_head_json":{"title":"\u0160imon Bel\u00e1k - Nen\u00ed deep scaling jako deep scaling - ITI kongres Bratislava 2025","robots":{"index":"index","follow":"follow","max-snippet":"max-snippet:-1","max-image-preview":"max-image-preview:large","max-video-preview":"max-video-preview:-1"},"canonical":"https:\/\/www.kongresiti.cz\/2025\/program\/simon-belak-neni-deep-scaling-jako-deep-scaling\/","og_locale":"cs_CZ","og_type":"article","og_title":"\u0160imon Bel\u00e1k - Nen\u00ed deep scaling jako deep scaling - ITI kongres Bratislava 2025","og_description":"Nen\u00ed deep scaling jako deep scaling \u0160imon Bel\u00e1kDeep scaling, scaling a root planing, subgingiv\u00e1ln\u00ed scaling, kyret\u00e1\u017e, subgingiv\u00e1ln\u00ed o\u0161et\u0159en\u00ed&#8230; n\u011bkdy je v t\u011bchto pojmech zmatek \u2013 i kdy\u017e c\u00edl je v\u017edy stejn\u00fd. Ale nemus\u00ed to tak b\u00fdt. Kdy p\u0159esn\u011b tedy prov\u00e9st debridement, kdy scaling a kdy root planing? Jak\u00fd n\u00e1stroj je vhodn\u00fd pro kter\u00fd krok? A&hellip; Read more","og_url":"https:\/\/www.kongresiti.cz\/2025\/program\/simon-belak-neni-deep-scaling-jako-deep-scaling\/","og_site_name":"ITI kongres Bratislava 2025","article_modified_time":"2025-07-21T15:23:38+00:00","twitter_card":"summary_large_image","schema":{"@context":"https:\/\/schema.org","@graph":[{"@type":"WebPage","@id":"https:\/\/www.kongresiti.cz\/2025\/program\/simon-belak-neni-deep-scaling-jako-deep-scaling\/","url":"https:\/\/www.kongresiti.cz\/2025\/program\/simon-belak-neni-deep-scaling-jako-deep-scaling\/","name":"\u0160imon Bel\u00e1k - Nen\u00ed deep scaling jako deep scaling - ITI kongres Bratislava 2025","isPartOf":{"@id":"https:\/\/www.kongresiti.cz\/2025\/#website"},"datePublished":"2025-07-11T10:41:47+00:00","dateModified":"2025-07-21T15:23:38+00:00","breadcrumb":{"@id":"https:\/\/www.kongresiti.cz\/2025\/program\/simon-belak-neni-deep-scaling-jako-deep-scaling\/#breadcrumb"},"inLanguage":"cs","potentialAction":[{"@type":"ReadAction","target":["https:\/\/www.kongresiti.cz\/2025\/program\/simon-belak-neni-deep-scaling-jako-deep-scaling\/"]}]},{"@type":"BreadcrumbList","@id":"https:\/\/www.kongresiti.cz\/2025\/program\/simon-belak-neni-deep-scaling-jako-deep-scaling\/#breadcrumb","itemListElement":[{"@type":"ListItem","position":1,"name":"Dom\u016f","item":"https:\/\/www.kongresiti.cz\/2025\/"},{"@type":"ListItem","position":2,"name":"Program","item":"https:\/\/www.kongresiti.cz\/2025\/program\/"},{"@type":"ListItem","position":3,"name":"\u0160imon Bel\u00e1k &#8211; Nen\u00ed deep scaling jako deep scaling"}]},{"@type":"WebSite","@id":"https:\/\/www.kongresiti.cz\/2025\/#website","url":"https:\/\/www.kongresiti.cz\/2025\/","name":"ITI kongres Bratislava 2025","description":"Prvn\u00ed ITI kongres v \u010cesk\u00e9 a Slovensk\u00e9 republice","publisher":{"@id":"https:\/\/www.kongresiti.cz\/2025\/#organization"},"potentialAction":[{"@type":"SearchAction","target":{"@type":"EntryPoint","urlTemplate":"https:\/\/www.kongresiti.cz\/2025\/?s={search_term_string}"},"query-input":{"@type":"PropertyValueSpecification","valueRequired":true,"valueName":"search_term_string"}}],"inLanguage":"cs"},{"@type":"Organization","@id":"https:\/\/www.kongresiti.cz\/2025\/#organization","name":"ITI kongres Bratislava 2025","url":"https:\/\/www.kongresiti.cz\/2025\/","logo":{"@type":"ImageObject","inLanguage":"cs","@id":"https:\/\/www.kongresiti.cz\/2025\/#\/schema\/logo\/image\/","url":"https:\/\/www.kongresiti.cz\/2025\/wp-content\/uploads\/2025\/06\/logo-ITI-Section-Czech-web.png","contentUrl":"https:\/\/www.kongresiti.cz\/2025\/wp-content\/uploads\/2025\/06\/logo-ITI-Section-Czech-web.png","width":262,"height":111,"caption":"ITI kongres Bratislava 2025"},"image":{"@id":"https:\/\/www.kongresiti.cz\/2025\/#\/schema\/logo\/image\/"}}]}},"_links":{"self":[{"href":"https:\/\/www.kongresiti.cz\/2025\/wp-json\/wp\/v2\/pages\/1651","targetHints":{"allow":["GET"]}}],"collection":[{"href":"https:\/\/www.kongresiti.cz\/2025\/wp-json\/wp\/v2\/pages"}],"about":[{"href":"https:\/\/www.kongresiti.cz\/2025\/wp-json\/wp\/v2\/types\/page"}],"author":[{"embeddable":true,"href":"https:\/\/www.kongresiti.cz\/2025\/wp-json\/wp\/v2\/users\/1"}],"replies":[{"embeddable":true,"href":"https:\/\/www.kongresiti.cz\/2025\/wp-json\/wp\/v2\/comments?post=1651"}],"version-history":[{"count":1,"href":"https:\/\/www.kongresiti.cz\/2025\/wp-json\/wp\/v2\/pages\/1651\/revisions"}],"predecessor-version":[{"id":1786,"href":"https:\/\/www.kongresiti.cz\/2025\/wp-json\/wp\/v2\/pages\/1651\/revisions\/1786"}],"up":[{"embeddable":true,"href":"https:\/\/www.kongresiti.cz\/2025\/wp-json\/wp\/v2\/pages\/37"}],"wp:attachment":[{"href":"https:\/\/www.kongresiti.cz\/2025\/wp-json\/wp\/v2\/media?parent=1651"}],"curies":[{"name":"wp","href":"https:\/\/api.w.org\/{rel}","templated":true}]}}