{"id":269,"date":"2025-03-17T10:53:19","date_gmt":"2025-03-17T09:53:19","guid":{"rendered":"https:\/\/www.kongresiti.cz\/2025\/?page_id=269"},"modified":"2025-11-29T10:40:18","modified_gmt":"2025-11-29T09:40:18","slug":"venue","status":"publish","type":"page","link":"https:\/\/www.kongresiti.cz\/2025\/en\/venue\/","title":{"rendered":"Venue"},"content":{"rendered":"<div  data-label=\"Features\" data-id=\"features--1\" data-export-id=\"features-16\" data-category=\"features\" class=\"features-16 content-section content-section-spacing\" id=\"features-1\" style=\"background-color: rgb(255, 255, 255); background-image: url(&quot;https:\/\/www.kongresiti.cz\/2025\/wp-content\/uploads\/2025\/04\/kun-pozadi-web.jpg&quot;); background-size: cover; background-position: center top;\" data-section-ov=\"1\"><div  class=\"gridContainer\"> <div  class=\"row text-center\"><div  class=\"section-title-col\" data-type=\"column\"> <h2  class=\"\">Venue<\/h2> <h3  class=\"\" style=\"text-align: left;\"><span  style=\"color: rgb(0, 178, 184);\">x-bionic\u00ae sphere<\/span><\/h3><p  class=\"\" style=\"text-align: left;\"><span  style=\"color: rgb(24, 60, 127); font-weight: 600;\">Dubov\u00e1 2254\/33, \u010cilistov, 931 01 \u0160amor\u00edn, Slovensko\n<br ><a  data-mce-href=\"https:\/\/www.x-bionicsphere.com\/\" href=\"https:\/\/www.x-bionicsphere.com\" target=\"_blank\" rel=\"noopener\" data-mce-selected=\"inline-boundary\" data-cp-link=\"1\" class=\"\"><span  style=\"font-weight: 400; color: rgb(0, 178, 184);\">Website<\/span><\/a><\/span><\/p><p  class=\"\" style=\"text-align: left;\"><span  style=\"color: rgb(24, 60, 127);\">x-bionic\u00ae sphere, \u0160amor\u00edn \u2013 Where Inspiration Meets Comfort and World-Class Standards<\/span><br ><span  style=\"color: rgb(24, 60, 127);\">\nThe congress will be held at the prestigious x-bionic\u00ae sphere, a modern, multi-functional resort that ranks among Europe\u2019s most advanced facilities of its kind. Located in \u0160amor\u00edn, it\u2019s just 25 minutes from Bratislava and about an hour\u2019s drive from Vienna Airport, making it easily accessible for both local and international attendees.<\/span><br ><span  style=\"color: rgb(24, 60, 127);\">\nThe x-bionic\u00ae sphere offers a unique blend of professional facilities and a pleasant atmosphere. Its modern conference spaces are equipped with the latest technology, complemented by comfortable on-site accommodation. The resort also boasts high-quality dining, a wellness center, sports zones, and opportunities for active relaxation in the beautiful natural surroundings near the Danube River.<\/span><\/p><\/div> <\/div> <div  class=\"row spaced-cols center-sm\" data-type=\"row\"> <div  class=\"col-xs-12 col-sm-6 space-bottom col-md-4 \"> <img  decoding=\"async\" class=\"face\" src=\"https:\/\/www.kongresiti.cz\/2025\/wp-content\/uploads\/2025\/05\/cropped-areal.jpeg\" title=\"cropped-areal.jpeg\" alt=\"\"> <div  data-type=\"column\" class=\"col-padding-small col-padding-small-xs description-container\">   <\/div> <\/div>  <div  class=\"col-xs-12 col-sm-6 space-bottom col-md-4\"> <img  decoding=\"async\" class=\"face\" src=\"https:\/\/www.kongresiti.cz\/2025\/wp-content\/uploads\/2025\/05\/cropped-areal-01.jpg\" title=\"cropped-areal-01.jpg\" alt=\"\"> <div  data-type=\"column\" class=\"col-padding-small col-padding-small-xs description-container\">   <\/div> <\/div><div  class=\"col-xs-12 col-sm-6 space-bottom col-md-4\"> <img  decoding=\"async\" class=\"face\" src=\"https:\/\/www.kongresiti.cz\/2025\/wp-content\/uploads\/2025\/05\/cropped-restaurace.jpg\" title=\"cropped-restaurace.jpg\" alt=\"\"> <div  data-type=\"column\" class=\"col-padding-small col-padding-small-xs description-container\">   <\/div> <\/div><div  class=\"col-xs-12 col-sm-6 space-bottom col-md-4\"> <img  decoding=\"async\" class=\"face\" src=\"https:\/\/www.kongresiti.cz\/2025\/wp-content\/uploads\/2025\/05\/wellness-05.jpeg\" title=\"wellness-05\" alt=\"\"> <div  data-type=\"column\" class=\"col-padding-small col-padding-small-xs description-container\">   <\/div> <\/div><div  class=\"col-xs-12 col-sm-6 space-bottom col-md-4\"> <img  decoding=\"async\" class=\"face\" src=\"https:\/\/www.kongresiti.cz\/2025\/wp-content\/uploads\/2025\/05\/wellness-03.jpeg\" title=\"wellness-03\" alt=\"\"> <div  data-type=\"column\" class=\"col-padding-small col-padding-small-xs description-container\">   <\/div> <\/div><div  class=\"col-xs-12 col-sm-6 space-bottom col-md-4\"> <a  data-cp-link=\"1\" href=\"https:\/\/www.youtube.com\/watch?v=UowXOHAA2xo\" target=\"_blank\" class=\"\"><img  decoding=\"async\" class=\"face\" src=\"https:\/\/www.kongresiti.cz\/2025\/wp-content\/uploads\/2025\/05\/wellness-04-1.jpeg\" title=\"wellness-04\" alt=\"\"><\/a> <div  data-type=\"column\" class=\"col-padding-small col-padding-small-xs description-container\">   <\/div> <\/div><div  class=\"col-xs-12 col-sm-6 space-bottom col-md-4\"> <img  decoding=\"async\" class=\"face\" src=\"https:\/\/www.kongresiti.cz\/2025\/wp-content\/uploads\/2025\/05\/kongres-01.jpeg\" title=\"kongres-01\" alt=\"\"> <div  data-type=\"column\" class=\"col-padding-small col-padding-small-xs description-container\">   <\/div> <\/div><div  class=\"col-xs-12 col-sm-6 space-bottom col-md-4\"> <img  decoding=\"async\" class=\"face\" src=\"https:\/\/www.kongresiti.cz\/2025\/wp-content\/uploads\/2025\/05\/kongres-02.jpg\" title=\"kongres-02\" alt=\"\"> <div  data-type=\"column\" class=\"col-padding-small col-padding-small-xs description-container\"><a  class=\"button color5 round\" href=\"https:\/\/www.x-bionicsphere.com\/hotel\/kongresy\" target=\"_blank\" data-cp-link=\"1\" data-icon=\"\">virtual tour<\/a>   <\/div> <\/div><div  class=\"col-xs-12 col-sm-6 space-bottom col-md-4\"> <img  decoding=\"async\" class=\"face\" src=\"https:\/\/www.kongresiti.cz\/2025\/wp-content\/uploads\/2025\/05\/cropped-kino.jpg\" title=\"cropped-kino.jpg\" alt=\"\"> <div  data-type=\"column\" class=\"col-padding-small col-padding-small-xs description-container\">   <\/div> <\/div><\/div> <\/div><\/div><div  data-label=\"Contact\" data-id=\"contact--1\" data-export-id=\"contact-4\" data-category=\"contact\" class=\"contact-4 content-section\" id=\"contact-1\" style=\"background-color: rgb(245, 250, 253);\"><div  class=\"\"> <div  class=\"row\"><div  class=\"col-xs-12 no-gutter-col\"> <div  data-content-shortcode=\"mesmerize_maps address=&quot;X-Bionic Hotel&quot; zoom=&quot;65&quot;\" data-editable=\"true\" class=\"\">        <div class=\"mesmerize-google-maps\" style=\"width:100%\">\n            <iframe style=\"width:100%; height:100%;min-height:inherit;display:block;\" src=\"https:\/\/maps.google.com\/maps?q=X-Bionic%20Hotel&#038;z=14&#038;output=embed&#038;iwloc=near\"><\/iframe>\n        <\/div>\n    <\/div><\/div> <\/div><\/div> <\/div><div  data-label=\"Accommodation\" data-id=\"content--1\" data-export-id=\"content-12\" data-category=\"content\" class=\"content-12 content-section content-section-spacing\" id=\"accommodation\" style=\"background-color: rgb(245, 250, 253); background-image: none;\"><div  class=\"gridContainer\"> <div  class=\"row text-center\"><div  class=\"section-title-col\" data-type=\"column\"> <h2  class=\"\">Accommodation<\/h2> <p  class=\"\" style=\"text-align: left;\"><span  style=\"color: rgb(24, 60, 127);\">\n<br ><span style=\"color: rgb(161, 23, 97);\" ><b >The hotel is currently fully booked&nbsp;<\/b><\/span>\n<br ><br >Accommodation is available directly at the congress venue, the X-BIONIC\u00ae HOTEL, where luxury, a pleasant atmosphere, and breathtaking energy are seamlessly combined. The X-BIONIC\u00ae HOTEL caters to the needs of every guest, from athletes and professional teams to families with children, and attendees of conferences, exhibitions, and congresses. The hotel offers first-class accommodation in its 294 rooms, redefining the concept of lodging.<\/span><\/p><p  class=\"\" style=\"text-align: left;\"><\/p><h3  class=\"\" style=\"text-align: left;\"><span  style=\"color: rgb(0, 178, 184);\">Other hotels in \u0160amor\u00edn nearby congress hotel<\/span><\/h3><p  class=\"\" style=\"text-align: left;\"><span  style=\"color: rgb(24, 60, 127);\"><span  style=\"font-weight: 700;\">Hotel Arena<\/span> \u2013 more information <a  data-mce-href=\"https:\/\/www.arenahotel-samorin.sk\/sk\/\" href=\"https:\/\/www.arenahotel-samorin.sk\/sk\" target=\"_blank\" rel=\"noopener\" data-mce-selected=\"inline-boundary\" data-cp-link=\"1\" class=\"\">here<\/a> \n<br ><span  style=\"font-weight: 700;\">Hotel Samaria<\/span> \u2013 more information <a  data-mce-href=\"https:\/\/samariahotel.sk\/index.php\/en\/\" href=\"https:\/\/samariahotel.sk\/index.php\/en\" target=\"_blank\" rel=\"noopener\" data-mce-selected=\"inline-boundary\" data-cp-link=\"1\" class=\"\">here<\/a><\/span><\/p><\/div> <\/div> <div  class=\"row center-xs middle-xs\"> <div  class=\"col-sm-9\" data-type=\"column\"> <\/div> <\/div><\/div> <\/div><div  data-label=\"Travel Information\" data-id=\"content--2\" data-export-id=\"content-12\" data-category=\"content\" class=\"content-12 content-section content-section-spacing\" id=\"travel-information\" style=\"background-color: rgba(255, 255, 255, 0.847); background-image: none;\"><div  class=\"gridContainer\"> <div  class=\"row text-center\"><div  class=\"section-title-col\" data-type=\"column\"> <h2  class=\"\">Travel Information<\/h2> <h3  class=\"\" style=\"text-align: left;\"><span  style=\"color: rgb(0, 178, 184);\">How to Get to the Hotel<\/span><\/h3><p  class=\"\" style=\"text-align: left;\"><span  style=\"color: rgb(24, 60, 127); font-weight: 700;\">Taxis in Bratislava<\/span><br ><span  style=\"color: rgb(24, 60, 127);\">\nTAXI BRATISLAVA Airport \/ Vienna Airport: +421 903 853 359<\/span><br ><a  data-mce-href=\"https:\/\/bratislava-airport-taxi.com\/airport-transfer-pricelist\" href=\"https:\/\/bratislava-airport-taxi.com\/airport-transfer-pricelist\" target=\"_blank\" rel=\"noopener\" data-mce-selected=\"inline-boundary\" data-cp-link=\"1\" class=\"\"><span  style=\"color: rgb(24, 60, 127);\"><span  style=\"color: rgb(0, 178, 184);\">\nPrice list for transfers available upon request<\/span><\/span><\/a><br ><span  style=\"color: rgb(24, 60, 127);\">\nTAXI Bratislava City: +421 903 106 943<\/span><br ><a  data-mce-href=\"https:\/\/taxi-bratislava-city.sk\/\" href=\"https:\/\/taxi-bratislava-city.sk\" target=\"_blank\" rel=\"noopener\" data-mce-selected=\"inline-boundary\" data-cp-link=\"1\" class=\"\"><span  style=\"color: rgb(0, 178, 184);\">\ntaxi-bratislava-city.sk<\/span><\/a><br ><span  style=\"color: rgb(24, 60, 127);\">\nBolt and Uber are also operational in Bratislava<\/span><br >\n\n<br ><span  style=\"color: rgb(24, 60, 127); font-weight: 700;\">Taxis in \u0160amor\u00edn<\/span><br ><span  style=\"color: rgb(24, 60, 127);\">\nTaxi Plus \u0160amor\u00edn: +421 944 16 00 16<\/span><br ><span  style=\"color: rgb(24, 60, 127);\">\nTaxi \u0160amor\u00edn: +421 944 065 006<\/span><br ><span  style=\"color: rgb(24, 60, 127);\">\nApproximate cost 6 \u20ac<\/span><br >\n\n<br ><span  style=\"color: rgb(24, 60, 127); font-weight: 700;\">Public Transport\n<br >Bratislava Bus Station \u2013 \u0160amor\u00edn Bus Station<\/span><br ><span  style=\"color: rgb(24, 60, 127);\">\nDirect connection with no transfers<\/span><br ><span  style=\"color: rgb(24, 60, 127);\">\nTravel time: 25 \u2013 45 minutes<\/span><br ><a  data-mce-href=\"https:\/\/cp.sk\/bus\/spojenie\" href=\"https:\/\/cp.sk\/bus\/spojenie\" target=\"_blank\" rel=\"noopener\" data-mce-selected=\"inline-boundary\" data-cp-link=\"1\" class=\"\"><span  style=\"color: rgb(24, 60, 127);\"><span  style=\"color: rgb(0, 178, 184);\">\nSearch for connections on cp.cz<\/span><\/span><\/a><br >\n\n<br ><span  style=\"color: rgb(24, 60, 127); font-weight: 700;\">Bratislava Main Train Station \u2013 Kvetoslavov Train Station<\/span><br ><span  style=\"color: rgb(24, 60, 127);\">\nDirect connection with no transfers<\/span><br ><span  style=\"color: rgb(24, 60, 127);\">\nTravel time: 35 minutes<\/span><br ><a  data-mce-href=\"https:\/\/cp.sk\/vlak\/spojenie\" href=\"https:\/\/cp.sk\/vlak\/spojenie\" target=\"_blank\" rel=\"noopener\" data-mce-selected=\"inline-boundary\" data-cp-link=\"1\" class=\"\"><span  style=\"color: rgb(24, 60, 127);\"><span  style=\"color: rgb(0, 178, 184);\">\nSearch for connections on cp.cz<\/span><\/span><\/a><\/p><\/div> <\/div> <div  class=\"row center-xs middle-xs\"> <div  class=\"col-sm-9\" data-type=\"column\"> <\/div> <\/div><\/div> <\/div>","protected":false},"excerpt":{"rendered":"<p>Venue x-bionic\u00ae sphereDubov\u00e1 2254\/33, \u010cilistov, 931 01 \u0160amor\u00edn, Slovensko Websitex-bionic\u00ae sphere, \u0160amor\u00edn \u2013 Where Inspiration Meets Comfort and World-Class Standards The congress will be held at the prestigious x-bionic\u00ae sphere, a modern, multi-functional resort that ranks among Europe\u2019s most advanced facilities of its kind. Located in \u0160amor\u00edn, it\u2019s just 25 minutes from Bratislava and about&hellip; <br \/> <a class=\"read-more\" href=\"https:\/\/www.kongresiti.cz\/2025\/en\/venue\/\">Read more<\/a><\/p>\n","protected":false},"author":1,"featured_media":0,"parent":0,"menu_order":0,"comment_status":"closed","ping_status":"closed","template":"pro\/page-templates\/full-width-page.php","meta":{"footnotes":""},"class_list":["post-269","page","type-page","status-publish","hentry"],"yoast_head":"<!-- This site is optimized with the Yoast SEO plugin v26.1.1 - https:\/\/yoast.com\/wordpress\/plugins\/seo\/ -->\n<title>Venue - ITI kongres Bratislava 2025<\/title>\n<meta name=\"robots\" content=\"index, follow, max-snippet:-1, max-image-preview:large, max-video-preview:-1\" \/>\n<link rel=\"canonical\" href=\"https:\/\/www.kongresiti.cz\/2025\/en\/venue\/\" \/>\n<meta property=\"og:locale\" content=\"cs_CZ\" \/>\n<meta property=\"og:type\" content=\"article\" \/>\n<meta property=\"og:title\" content=\"Venue - ITI kongres Bratislava 2025\" \/>\n<meta property=\"og:description\" content=\"Venue x-bionic\u00ae sphereDubov\u00e1 2254\/33, \u010cilistov, 931 01 \u0160amor\u00edn, Slovensko Websitex-bionic\u00ae sphere, \u0160amor\u00edn \u2013 Where Inspiration Meets Comfort and World-Class Standards The congress will be held at the prestigious x-bionic\u00ae sphere, a modern, multi-functional resort that ranks among Europe\u2019s most advanced facilities of its kind. Located in \u0160amor\u00edn, it\u2019s just 25 minutes from Bratislava and about&hellip; Read more\" \/>\n<meta property=\"og:url\" content=\"https:\/\/www.kongresiti.cz\/2025\/en\/venue\/\" \/>\n<meta property=\"og:site_name\" content=\"ITI kongres Bratislava 2025\" \/>\n<meta property=\"article:modified_time\" content=\"2025-11-29T09:40:18+00:00\" \/>\n<meta property=\"og:image\" content=\"https:\/\/www.kongresiti.cz\/2025\/wp-content\/uploads\/2025\/05\/cropped-areal.jpeg\" \/>\n<meta name=\"twitter:card\" content=\"summary_large_image\" \/>\n<meta name=\"twitter:label1\" content=\"Odhadovan\u00e1 doba \u010dten\u00ed\" \/>\n\t<meta name=\"twitter:data1\" content=\"2 minuty\" \/>\n<script type=\"application\/ld+json\" class=\"yoast-schema-graph\">{\"@context\":\"https:\/\/schema.org\",\"@graph\":[{\"@type\":\"WebPage\",\"@id\":\"https:\/\/www.kongresiti.cz\/2025\/en\/venue\/\",\"url\":\"https:\/\/www.kongresiti.cz\/2025\/en\/venue\/\",\"name\":\"Venue - ITI kongres Bratislava 2025\",\"isPartOf\":{\"@id\":\"https:\/\/www.kongresiti.cz\/2025\/#website\"},\"primaryImageOfPage\":{\"@id\":\"https:\/\/www.kongresiti.cz\/2025\/en\/venue\/#primaryimage\"},\"image\":{\"@id\":\"https:\/\/www.kongresiti.cz\/2025\/en\/venue\/#primaryimage\"},\"thumbnailUrl\":\"https:\/\/www.kongresiti.cz\/2025\/wp-content\/uploads\/2025\/05\/cropped-areal.jpeg\",\"datePublished\":\"2025-03-17T09:53:19+00:00\",\"dateModified\":\"2025-11-29T09:40:18+00:00\",\"breadcrumb\":{\"@id\":\"https:\/\/www.kongresiti.cz\/2025\/en\/venue\/#breadcrumb\"},\"inLanguage\":\"cs\",\"potentialAction\":[{\"@type\":\"ReadAction\",\"target\":[\"https:\/\/www.kongresiti.cz\/2025\/en\/venue\/\"]}]},{\"@type\":\"ImageObject\",\"inLanguage\":\"cs\",\"@id\":\"https:\/\/www.kongresiti.cz\/2025\/en\/venue\/#primaryimage\",\"url\":\"https:\/\/www.kongresiti.cz\/2025\/wp-content\/uploads\/2025\/05\/cropped-areal.jpeg\",\"contentUrl\":\"https:\/\/www.kongresiti.cz\/2025\/wp-content\/uploads\/2025\/05\/cropped-areal.jpeg\",\"width\":1623,\"height\":1080},{\"@type\":\"BreadcrumbList\",\"@id\":\"https:\/\/www.kongresiti.cz\/2025\/en\/venue\/#breadcrumb\",\"itemListElement\":[{\"@type\":\"ListItem\",\"position\":1,\"name\":\"Dom\u016f\",\"item\":\"https:\/\/www.kongresiti.cz\/2025\/\"},{\"@type\":\"ListItem\",\"position\":2,\"name\":\"Venue\"}]},{\"@type\":\"WebSite\",\"@id\":\"https:\/\/www.kongresiti.cz\/2025\/#website\",\"url\":\"https:\/\/www.kongresiti.cz\/2025\/\",\"name\":\"ITI kongres Bratislava 2025\",\"description\":\"Prvn\u00ed ITI kongres v \u010cesk\u00e9 a Slovensk\u00e9 republice\",\"publisher\":{\"@id\":\"https:\/\/www.kongresiti.cz\/2025\/#organization\"},\"potentialAction\":[{\"@type\":\"SearchAction\",\"target\":{\"@type\":\"EntryPoint\",\"urlTemplate\":\"https:\/\/www.kongresiti.cz\/2025\/?s={search_term_string}\"},\"query-input\":{\"@type\":\"PropertyValueSpecification\",\"valueRequired\":true,\"valueName\":\"search_term_string\"}}],\"inLanguage\":\"cs\"},{\"@type\":\"Organization\",\"@id\":\"https:\/\/www.kongresiti.cz\/2025\/#organization\",\"name\":\"ITI kongres Bratislava 2025\",\"url\":\"https:\/\/www.kongresiti.cz\/2025\/\",\"logo\":{\"@type\":\"ImageObject\",\"inLanguage\":\"cs\",\"@id\":\"https:\/\/www.kongresiti.cz\/2025\/#\/schema\/logo\/image\/\",\"url\":\"https:\/\/www.kongresiti.cz\/2025\/wp-content\/uploads\/2025\/06\/logo-ITI-Section-Czech-web.png\",\"contentUrl\":\"https:\/\/www.kongresiti.cz\/2025\/wp-content\/uploads\/2025\/06\/logo-ITI-Section-Czech-web.png\",\"width\":262,\"height\":111,\"caption\":\"ITI kongres Bratislava 2025\"},\"image\":{\"@id\":\"https:\/\/www.kongresiti.cz\/2025\/#\/schema\/logo\/image\/\"}}]}<\/script>\n<!-- \/ Yoast SEO plugin. -->","yoast_head_json":{"title":"Venue - ITI kongres Bratislava 2025","robots":{"index":"index","follow":"follow","max-snippet":"max-snippet:-1","max-image-preview":"max-image-preview:large","max-video-preview":"max-video-preview:-1"},"canonical":"https:\/\/www.kongresiti.cz\/2025\/en\/venue\/","og_locale":"cs_CZ","og_type":"article","og_title":"Venue - ITI kongres Bratislava 2025","og_description":"Venue x-bionic\u00ae sphereDubov\u00e1 2254\/33, \u010cilistov, 931 01 \u0160amor\u00edn, Slovensko Websitex-bionic\u00ae sphere, \u0160amor\u00edn \u2013 Where Inspiration Meets Comfort and World-Class Standards The congress will be held at the prestigious x-bionic\u00ae sphere, a modern, multi-functional resort that ranks among Europe\u2019s most advanced facilities of its kind. Located in \u0160amor\u00edn, it\u2019s just 25 minutes from Bratislava and about&hellip; Read more","og_url":"https:\/\/www.kongresiti.cz\/2025\/en\/venue\/","og_site_name":"ITI kongres Bratislava 2025","article_modified_time":"2025-11-29T09:40:18+00:00","og_image":[{"url":"https:\/\/www.kongresiti.cz\/2025\/wp-content\/uploads\/2025\/05\/cropped-areal.jpeg","type":"","width":"","height":""}],"twitter_card":"summary_large_image","twitter_misc":{"Odhadovan\u00e1 doba \u010dten\u00ed":"2 minuty"},"schema":{"@context":"https:\/\/schema.org","@graph":[{"@type":"WebPage","@id":"https:\/\/www.kongresiti.cz\/2025\/en\/venue\/","url":"https:\/\/www.kongresiti.cz\/2025\/en\/venue\/","name":"Venue - ITI kongres Bratislava 2025","isPartOf":{"@id":"https:\/\/www.kongresiti.cz\/2025\/#website"},"primaryImageOfPage":{"@id":"https:\/\/www.kongresiti.cz\/2025\/en\/venue\/#primaryimage"},"image":{"@id":"https:\/\/www.kongresiti.cz\/2025\/en\/venue\/#primaryimage"},"thumbnailUrl":"https:\/\/www.kongresiti.cz\/2025\/wp-content\/uploads\/2025\/05\/cropped-areal.jpeg","datePublished":"2025-03-17T09:53:19+00:00","dateModified":"2025-11-29T09:40:18+00:00","breadcrumb":{"@id":"https:\/\/www.kongresiti.cz\/2025\/en\/venue\/#breadcrumb"},"inLanguage":"cs","potentialAction":[{"@type":"ReadAction","target":["https:\/\/www.kongresiti.cz\/2025\/en\/venue\/"]}]},{"@type":"ImageObject","inLanguage":"cs","@id":"https:\/\/www.kongresiti.cz\/2025\/en\/venue\/#primaryimage","url":"https:\/\/www.kongresiti.cz\/2025\/wp-content\/uploads\/2025\/05\/cropped-areal.jpeg","contentUrl":"https:\/\/www.kongresiti.cz\/2025\/wp-content\/uploads\/2025\/05\/cropped-areal.jpeg","width":1623,"height":1080},{"@type":"BreadcrumbList","@id":"https:\/\/www.kongresiti.cz\/2025\/en\/venue\/#breadcrumb","itemListElement":[{"@type":"ListItem","position":1,"name":"Dom\u016f","item":"https:\/\/www.kongresiti.cz\/2025\/"},{"@type":"ListItem","position":2,"name":"Venue"}]},{"@type":"WebSite","@id":"https:\/\/www.kongresiti.cz\/2025\/#website","url":"https:\/\/www.kongresiti.cz\/2025\/","name":"ITI kongres Bratislava 2025","description":"Prvn\u00ed ITI kongres v \u010cesk\u00e9 a Slovensk\u00e9 republice","publisher":{"@id":"https:\/\/www.kongresiti.cz\/2025\/#organization"},"potentialAction":[{"@type":"SearchAction","target":{"@type":"EntryPoint","urlTemplate":"https:\/\/www.kongresiti.cz\/2025\/?s={search_term_string}"},"query-input":{"@type":"PropertyValueSpecification","valueRequired":true,"valueName":"search_term_string"}}],"inLanguage":"cs"},{"@type":"Organization","@id":"https:\/\/www.kongresiti.cz\/2025\/#organization","name":"ITI kongres Bratislava 2025","url":"https:\/\/www.kongresiti.cz\/2025\/","logo":{"@type":"ImageObject","inLanguage":"cs","@id":"https:\/\/www.kongresiti.cz\/2025\/#\/schema\/logo\/image\/","url":"https:\/\/www.kongresiti.cz\/2025\/wp-content\/uploads\/2025\/06\/logo-ITI-Section-Czech-web.png","contentUrl":"https:\/\/www.kongresiti.cz\/2025\/wp-content\/uploads\/2025\/06\/logo-ITI-Section-Czech-web.png","width":262,"height":111,"caption":"ITI kongres Bratislava 2025"},"image":{"@id":"https:\/\/www.kongresiti.cz\/2025\/#\/schema\/logo\/image\/"}}]}},"_links":{"self":[{"href":"https:\/\/www.kongresiti.cz\/2025\/wp-json\/wp\/v2\/pages\/269","targetHints":{"allow":["GET"]}}],"collection":[{"href":"https:\/\/www.kongresiti.cz\/2025\/wp-json\/wp\/v2\/pages"}],"about":[{"href":"https:\/\/www.kongresiti.cz\/2025\/wp-json\/wp\/v2\/types\/page"}],"author":[{"embeddable":true,"href":"https:\/\/www.kongresiti.cz\/2025\/wp-json\/wp\/v2\/users\/1"}],"replies":[{"embeddable":true,"href":"https:\/\/www.kongresiti.cz\/2025\/wp-json\/wp\/v2\/comments?post=269"}],"version-history":[{"count":2,"href":"https:\/\/www.kongresiti.cz\/2025\/wp-json\/wp\/v2\/pages\/269\/revisions"}],"predecessor-version":[{"id":2073,"href":"https:\/\/www.kongresiti.cz\/2025\/wp-json\/wp\/v2\/pages\/269\/revisions\/2073"}],"wp:attachment":[{"href":"https:\/\/www.kongresiti.cz\/2025\/wp-json\/wp\/v2\/media?parent=269"}],"curies":[{"name":"wp","href":"https:\/\/api.w.org\/{rel}","templated":true}]}}